Last updated on 2024-05-07 06:55:53 CEST.
Flavor | Version | Tinstall | Tcheck | Ttotal | Status | Flags |
---|---|---|---|---|---|---|
r-devel-linux-x86_64-debian-clang | 0.2.4 | 159.10 | 50.43 | 209.53 | NOTE | |
r-devel-linux-x86_64-debian-gcc | 0.2.4 | 124.64 | 38.93 | 163.57 | NOTE | |
r-devel-linux-x86_64-fedora-clang | 0.2.4 | 312.36 | NOTE | |||
r-devel-linux-x86_64-fedora-gcc | 0.2.4 | 370.73 | NOTE | |||
r-devel-windows-x86_64 | 0.2.4 | 147.00 | 79.00 | 226.00 | NOTE | |
r-patched-linux-x86_64 | 0.2.4 | 163.27 | 48.45 | 211.72 | OK | |
r-release-linux-x86_64 | 0.2.4 | 164.81 | 48.55 | 213.36 | OK | |
r-release-macos-arm64 | 0.2.4 | 60.00 | OK | |||
r-release-windows-x86_64 | 0.2.4 | 145.00 | 79.00 | 224.00 | OK | |
r-oldrel-macos-arm64 | 0.2.4 | 69.00 | OK | |||
r-oldrel-macos-x86_64 | 0.2.4 | 77.00 | OK | |||
r-oldrel-windows-x86_64 | 0.2.4 | 179.00 | 91.00 | 270.00 | OK |
Version: 0.2.4
Check: compiled code
Result: NOTE
File ‘hipread/libs/hipread.so’:
Found non-API calls to R: ‘SETLENGTH’, ‘SET_TRUELENGTH’
Compiled code should not call non-API entry points in R.
See ‘Writing portable packages’ in the ‘Writing R Extensions’ manual.
Flavors: r-devel-linux-x86_64-debian-clang, r-devel-linux-x86_64-debian-gcc, r-devel-linux-x86_64-fedora-clang, r-devel-linux-x86_64-fedora-gcc
Version: 0.2.4
Check: compiled code
Result: NOTE
File 'hipread/libs/x64/hipread.dll':
Found non-API calls to R: 'SETLENGTH', 'SET_TRUELENGTH'
Compiled code should not call non-API entry points in R.
See 'Writing portable packages' in the 'Writing R Extensions' manual.
Flavor: r-devel-windows-x86_64