Last updated on 2024-03-28 06:01:26 CET.
Flavor | Version | Tinstall | Tcheck | Ttotal | Status | Flags |
---|---|---|---|---|---|---|
r-devel-linux-x86_64-debian-clang | 3.0.3 | 69.80 | 49.04 | 118.84 | OK | |
r-devel-linux-x86_64-debian-gcc | 3.0.3 | 53.12 | 42.26 | 95.38 | OK | |
r-devel-linux-x86_64-fedora-clang | 3.0.3 | 205.69 | OK | |||
r-devel-linux-x86_64-fedora-gcc | 3.0.3 | 205.90 | OK | |||
r-devel-windows-x86_64 | 3.0.3 | 64.00 | 98.00 | 162.00 | OK | |
r-patched-linux-x86_64 | 3.0.3 | 78.07 | 50.72 | 128.79 | OK | |
r-release-linux-x86_64 | 3.0.3 | 74.97 | 52.67 | 127.64 | OK | |
r-release-macos-arm64 | 3.0.3 | 85.00 | NOTE | |||
r-release-macos-x86_64 | 3.0.3 | 154.00 | NOTE | |||
r-release-windows-x86_64 | 3.0.3 | 65.00 | 103.00 | 168.00 | OK | |
r-oldrel-macos-arm64 | 3.0.3 | 81.00 | NOTE | |||
r-oldrel-windows-x86_64 | 3.0.3 | 68.00 | 106.00 | 174.00 | OK |
Version: 3.0.3
Check: installed package size
Result: NOTE
installed size is 7.9Mb
sub-directories of 1Mb or more:
dict 1.5Mb
libs 5.3Mb
Flavors: r-release-macos-arm64, r-release-macos-x86_64, r-oldrel-macos-arm64