Last updated on 2024-04-23 06:56:59 CEST.
Flavor | Version | Tinstall | Tcheck | Ttotal | Status | Flags |
---|---|---|---|---|---|---|
r-devel-linux-x86_64-debian-clang | 1.5 | 7.97 | 84.94 | 92.91 | NOTE | |
r-devel-linux-x86_64-debian-gcc | 1.5 | 7.67 | 63.29 | 70.96 | NOTE | |
r-devel-linux-x86_64-fedora-clang | 1.5 | 118.40 | NOTE | |||
r-devel-linux-x86_64-fedora-gcc | 1.5 | 115.09 | NOTE | |||
r-prerel-macos-arm64 | 1.5 | 35.00 | NOTE | |||
r-prerel-macos-x86_64 | 1.5 | 68.00 | NOTE | |||
r-prerel-windows-x86_64 | 1.5 | 9.00 | 84.00 | 93.00 | OK | |
r-patched-linux-x86_64 | 1.5 | 7.61 | 82.78 | 90.39 | NOTE | |
r-release-linux-x86_64 | 1.5 | 7.73 | 82.36 | 90.09 | NOTE | |
r-release-macos-arm64 | 1.5 | 43.00 | NOTE | |||
r-release-macos-x86_64 | 1.5 | 75.00 | NOTE | |||
r-release-windows-x86_64 | 1.5 | 12.00 | 99.00 | 111.00 | OK | |
r-oldrel-macos-arm64 | 1.5 | 44.00 | NOTE | |||
r-oldrel-windows-x86_64 | 1.5 | 11.00 | 103.00 | 114.00 | OK |
Version: 1.5
Check: package dependencies
Result: NOTE
Package suggested but not available for checking: ‘frailtypack’
Flavors: r-devel-linux-x86_64-debian-clang, r-devel-linux-x86_64-debian-gcc, r-devel-linux-x86_64-fedora-clang, r-devel-linux-x86_64-fedora-gcc, r-patched-linux-x86_64, r-release-linux-x86_64
Version: 1.5
Check: package dependencies
Result: NOTE
Package suggested but not available for checking: ‘mixAK’
Flavors: r-prerel-macos-arm64, r-release-macos-arm64, r-release-macos-x86_64, r-oldrel-macos-arm64
Version: 1.5
Check: package dependencies
Result: NOTE
Packages suggested but not available for checking:
'mixAK', 'FHtest', 'frailtypack'
Flavor: r-prerel-macos-x86_64