CRAN Package Check Results for Package idefix

Last updated on 2019-04-25 06:47:17 CEST.

Flavor Version Tinstall Tcheck Ttotal Status Flags
r-devel-linux-x86_64-debian-clang 0.3.3 31.56 42.71 74.27 OK
r-devel-linux-x86_64-debian-gcc 0.3.3 28.08 33.81 61.89 OK
r-devel-linux-x86_64-fedora-clang 0.3.3 105.84 NOTE
r-devel-linux-x86_64-fedora-gcc 0.3.3 101.73 NOTE
r-devel-windows-ix86+x86_64 0.3.3 97.00 89.00 186.00 OK
r-patched-linux-x86_64 0.3.3 31.68 43.14 74.82 OK
r-patched-solaris-x86 0.3.3 125.10 NOTE
r-release-linux-x86_64 0.3.3 31.26 40.75 72.01 OK
r-release-windows-ix86+x86_64 0.3.3 70.00 108.00 178.00 OK
r-release-osx-x86_64 0.3.3 NOTE
r-oldrel-windows-ix86+x86_64 0.3.3 72.00 89.00 161.00 OK
r-oldrel-osx-x86_64 0.3.3 NOTE

Check Details

Version: 0.3.3
Check: dependencies in R code
Result: NOTE
    Namespaces in Imports field not imported from:
     ‘MASS’ ‘gtools’ ‘maxLik’
     All declared Imports should be used.
Flavors: r-devel-linux-x86_64-fedora-clang, r-devel-linux-x86_64-fedora-gcc, r-patched-solaris-x86, r-release-osx-x86_64, r-oldrel-osx-x86_64