CRAN Package Check Results for Package idefix

Last updated on 2018-12-17 17:09:57 CET.

Flavor Version Tinstall Tcheck Ttotal Status Flags
r-devel-linux-x86_64-debian-clang 0.3.3 34.18 43.33 77.51 OK
r-devel-linux-x86_64-debian-gcc 0.3.3 27.50 34.36 61.86 OK
r-devel-linux-x86_64-fedora-clang 0.3.3 102.96 NOTE
r-devel-linux-x86_64-fedora-gcc 0.3.3 97.83 NOTE
r-devel-windows-ix86+x86_64 0.3.3 64.00 106.00 170.00 OK
r-patched-linux-x86_64 0.3.3 37.50 40.64 78.14 OK
r-patched-solaris-x86 0.3.3 118.80 NOTE
r-release-linux-x86_64 0.3.3 38.98 40.75 79.73 OK
r-release-windows-ix86+x86_64 0.3.3 106.00 125.00 231.00 OK
r-release-osx-x86_64 0.3.3 NOTE
r-oldrel-windows-ix86+x86_64 0.3.3 107.00 110.00 217.00 OK
r-oldrel-osx-x86_64 0.3.3 NOTE

Check Details

Version: 0.3.3
Check: dependencies in R code
Result: NOTE
    Namespaces in Imports field not imported from:
     ‘MASS’ ‘gtools’ ‘maxLik’
     All declared Imports should be used.
Flavors: r-devel-linux-x86_64-fedora-clang, r-devel-linux-x86_64-fedora-gcc, r-patched-solaris-x86, r-release-osx-x86_64, r-oldrel-osx-x86_64