Last updated on 2024-04-19 06:56:19 CEST.
Flavor | Version | Tinstall | Tcheck | Ttotal | Status | Flags |
---|---|---|---|---|---|---|
r-devel-linux-x86_64-debian-clang | 1.8.3 | 9.88 | 74.49 | 84.37 | NOTE | |
r-devel-linux-x86_64-debian-gcc | 1.8.3 | NOTE | ||||
r-devel-linux-x86_64-fedora-clang | 1.8.3 | 103.85 | NOTE | |||
r-devel-linux-x86_64-fedora-gcc | 1.8.3 | 99.66 | NOTE | |||
r-prerel-macos-arm64 | 1.8.3 | 36.00 | NOTE | |||
r-prerel-windows-x86_64 | 1.8.3 | 11.00 | 75.00 | 86.00 | NOTE | |
r-patched-linux-x86_64 | 1.8.3 | 9.73 | 70.91 | 80.64 | NOTE | |
r-release-linux-x86_64 | 1.8.3 | 6.87 | 74.44 | 81.31 | OK | |
r-release-macos-arm64 | 1.8.3 | 32.00 | OK | |||
r-release-macos-x86_64 | 1.8.3 | 55.00 | OK | |||
r-release-windows-x86_64 | 1.8.3 | 12.00 | 82.00 | 94.00 | OK | |
r-oldrel-macos-arm64 | 1.8.3 | 35.00 | OK | |||
r-oldrel-windows-x86_64 | 1.8.3 | 12.00 | 92.00 | 104.00 | OK |
Version: 1.8.3
Check: Rd files
Result: NOTE
checkRd: (-1) add_es.Rd:16: Lost braces; missing escapes or markup?
16 | \code{u} {Left eigenvectors} \cr
| ^
checkRd: (-1) add_es.Rd:17: Lost braces; missing escapes or markup?
17 | \code{v} {Right eigenvectors} \cr
| ^
checkRd: (-1) add_es.Rd:18: Lost braces; missing escapes or markup?
18 | \code{m} {Number of cases} \cr
| ^
checkRd: (-1) add_es.Rd:19: Lost braces; missing escapes or markup?
19 | \code{d} {Eigenvalues} \cr
| ^
checkRd: (-1) add_es.Rd:20: Lost braces; missing escapes or markup?
20 | \code{orgn} {Data mean} \cr
| ^
checkRd: (-1) add_es.Rd:24: Lost braces; missing escapes or markup?
24 | \code{u} {Left eigenvectors} \cr
| ^
checkRd: (-1) add_es.Rd:25: Lost braces; missing escapes or markup?
25 | \code{v} {Right eigenvectors} \cr
| ^
checkRd: (-1) add_es.Rd:26: Lost braces; missing escapes or markup?
26 | \code{m} {Number of cases} \cr
| ^
checkRd: (-1) add_es.Rd:27: Lost braces; missing escapes or markup?
27 | \code{d} {Eigenvalues} \cr
| ^
checkRd: (-1) add_es.Rd:28: Lost braces; missing escapes or markup?
28 | \code{orgn} {Data mean} \cr
| ^
checkRd: (-1) i_pca.Rd:24: Lost braces; missing escapes or markup?
24 | \code{u} {Left eigenvectors} \cr
| ^
checkRd: (-1) i_pca.Rd:25: Lost braces; missing escapes or markup?
25 | \code{v} {Right eigenvectors} \cr
| ^
checkRd: (-1) i_pca.Rd:26: Lost braces; missing escapes or markup?
26 | \code{m} {Number of cases} \cr
| ^
checkRd: (-1) i_pca.Rd:27: Lost braces; missing escapes or markup?
27 | \code{d} {Eigenvalues} \cr
| ^
checkRd: (-1) i_pca.Rd:28: Lost braces; missing escapes or markup?
28 | \code{orgn} {Data mean} \cr}
| ^
checkRd: (-1) update.i_pca.Rd:24: Lost braces; missing escapes or markup?
24 | \code{u} {Left eigenvectors} \cr
| ^
checkRd: (-1) update.i_pca.Rd:25: Lost braces; missing escapes or markup?
25 | \code{v} {Right eigenvectors} \cr
| ^
checkRd: (-1) update.i_pca.Rd:26: Lost braces; missing escapes or markup?
26 | \code{m} {Number of cases} \cr
| ^
checkRd: (-1) update.i_pca.Rd:27: Lost braces; missing escapes or markup?
27 | \code{d} {Eigenvalues} \cr
| ^
checkRd: (-1) update.i_pca.Rd:28: Lost braces; missing escapes or markup?
28 | \code{orgn} {Data mean} \cr}
| ^
Flavors: r-devel-linux-x86_64-debian-clang, r-devel-linux-x86_64-debian-gcc, r-devel-linux-x86_64-fedora-clang, r-devel-linux-x86_64-fedora-gcc, r-prerel-macos-arm64, r-prerel-windows-x86_64, r-patched-linux-x86_64