Last updated on 2024-05-07 18:49:49 CEST.
Flavor | Version | Tinstall | Tcheck | Ttotal | Status | Flags |
---|---|---|---|---|---|---|
r-devel-linux-x86_64-debian-clang | 1.0.0 | 4.54 | 49.59 | 54.13 | NOTE | |
r-devel-linux-x86_64-debian-gcc | 1.0.0 | 5.59 | 35.74 | 41.33 | NOTE | |
r-devel-linux-x86_64-fedora-clang | 1.0.0 | 69.61 | NOTE | |||
r-devel-linux-x86_64-fedora-gcc | 1.0.0 | 115.84 | NOTE | |||
r-devel-windows-x86_64 | 1.0.0 | 6.00 | 58.00 | 64.00 | NOTE | |
r-patched-linux-x86_64 | 1.0.0 | 7.45 | 46.91 | 54.36 | NOTE | |
r-release-linux-x86_64 | 1.0.0 | 7.41 | 46.88 | 54.29 | NOTE | |
r-release-macos-arm64 | 1.0.0 | 23.00 | NOTE | |||
r-release-windows-x86_64 | 1.0.0 | 6.00 | 57.00 | 63.00 | NOTE | |
r-oldrel-macos-arm64 | 1.0.0 | 24.00 | OK | |||
r-oldrel-macos-x86_64 | 1.0.0 | 34.00 | OK | |||
r-oldrel-windows-x86_64 | 1.0.0 | 8.00 | 61.00 | 69.00 | OK |
Version: 1.0.0
Check: Rd files
Result: NOTE
checkRd: (-1) define_target_function.Rd:41: Lost braces; missing escapes or markup?
41 | be done either as a single vector of values (e.g. `function(x) { ... }`), or individual inputs for each parameter
| ^
checkRd: (-1) define_target_function.Rd:42: Lost braces; missing escapes or markup?
42 | (e.g. `function(x1, x2) { ... }`). If a single vector is used, all parameters will be passed to the target function as
| ^
Flavors: r-devel-linux-x86_64-debian-clang, r-devel-linux-x86_64-debian-gcc, r-devel-linux-x86_64-fedora-clang, r-devel-linux-x86_64-fedora-gcc, r-devel-windows-x86_64, r-patched-linux-x86_64, r-release-linux-x86_64, r-release-macos-arm64, r-release-windows-x86_64