Last updated on 2024-05-07 18:49:49 CEST.
Flavor | Version | Tinstall | Tcheck | Ttotal | Status | Flags |
---|---|---|---|---|---|---|
r-devel-linux-x86_64-debian-clang | 0.1 | 19.45 | 29.51 | 48.96 | NOTE | |
r-devel-linux-x86_64-debian-gcc | 0.1 | 14.03 | 22.56 | 36.59 | NOTE | |
r-devel-linux-x86_64-fedora-clang | 0.1 | 68.19 | NOTE | |||
r-devel-linux-x86_64-fedora-gcc | 0.1 | 105.19 | NOTE | |||
r-devel-windows-x86_64 | 0.1 | 16.00 | 64.00 | 80.00 | NOTE | |
r-patched-linux-x86_64 | 0.1 | 14.72 | 28.38 | 43.10 | NOTE | |
r-release-linux-x86_64 | 0.1 | 15.60 | 28.30 | 43.90 | NOTE | |
r-release-macos-arm64 | 0.1 | 20.00 | NOTE | |||
r-release-windows-x86_64 | 0.1 | 16.00 | 61.00 | 77.00 | NOTE | |
r-oldrel-macos-arm64 | 0.1 | 22.00 | NOTE | |||
r-oldrel-macos-x86_64 | 0.1 | 32.00 | NOTE | |||
r-oldrel-windows-x86_64 | 0.1 | 19.00 | 72.00 | 91.00 | NOTE |
Version: 0.1
Check: C++ specification
Result: NOTE
Specified C++11: please drop specification unless essential
Flavors: r-devel-linux-x86_64-debian-clang, r-devel-linux-x86_64-debian-gcc, r-devel-linux-x86_64-fedora-clang, r-devel-linux-x86_64-fedora-gcc, r-devel-windows-x86_64, r-patched-linux-x86_64, r-release-linux-x86_64, r-release-macos-arm64, r-release-windows-x86_64, r-oldrel-macos-arm64, r-oldrel-macos-x86_64, r-oldrel-windows-x86_64