Last updated on 2024-03-28 17:49:31 CET.
Flavor | Version | Tinstall | Tcheck | Ttotal | Status | Flags |
---|---|---|---|---|---|---|
r-devel-linux-x86_64-debian-clang | 1.2.6 | 96.76 | 180.63 | 277.39 | NOTE | |
r-devel-linux-x86_64-debian-gcc | 1.2.6 | 73.65 | 130.79 | 204.44 | NOTE | |
r-devel-linux-x86_64-fedora-clang | 1.2.6 | 366.32 | NOTE | |||
r-devel-linux-x86_64-fedora-gcc | 1.2.6 | 357.10 | NOTE | |||
r-devel-windows-x86_64 | 1.2.6 | 77.00 | 143.00 | 220.00 | NOTE | |
r-patched-linux-x86_64 | 1.2.6 | 67.13 | 172.87 | 240.00 | NOTE | |
r-release-linux-x86_64 | 1.2.6 | 92.91 | 173.07 | 265.98 | NOTE | |
r-release-macos-arm64 | 1.2.6 | 90.00 | NOTE | |||
r-release-macos-x86_64 | 1.2.6 | 148.00 | NOTE | |||
r-release-windows-x86_64 | 1.2.6 | 94.00 | 195.00 | 289.00 | NOTE | |
r-oldrel-macos-arm64 | 1.2.6 | 80.00 | OK | |||
r-oldrel-windows-x86_64 | 1.2.6 | 99.00 | 192.00 | 291.00 | OK |
Version: 1.2.6
Check: C++ specification
Result: NOTE
Specified C++11: please drop specification unless essential
Flavors: r-devel-linux-x86_64-debian-clang, r-devel-linux-x86_64-debian-gcc, r-devel-linux-x86_64-fedora-clang, r-devel-linux-x86_64-fedora-gcc, r-devel-windows-x86_64, r-patched-linux-x86_64, r-release-linux-x86_64, r-release-macos-arm64, r-release-macos-x86_64, r-release-windows-x86_64