Last updated on 2024-04-18 06:57:44 CEST.
Flavor | Version | Tinstall | Tcheck | Ttotal | Status | Flags |
---|---|---|---|---|---|---|
r-devel-linux-x86_64-debian-clang | 0.1.0 | 1.93 | 27.43 | 29.36 | OK | |
r-devel-linux-x86_64-debian-gcc | 0.1.0 | 2.23 | 22.06 | 24.29 | OK | |
r-devel-linux-x86_64-fedora-clang | 0.1.0 | 38.43 | NOTE | |||
r-devel-linux-x86_64-fedora-gcc | 0.1.0 | 36.99 | OK | |||
r-prerel-macos-arm64 | 0.1.0 | 17.00 | OK | |||
r-prerel-windows-x86_64 | 0.1.0 | 3.00 | 49.00 | 52.00 | OK | |
r-patched-linux-x86_64 | 0.1.0 | 2.27 | 26.93 | 29.20 | OK | |
r-release-linux-x86_64 | 0.1.0 | 2.37 | 25.12 | 27.49 | OK | |
r-release-macos-arm64 | 0.1.0 | 18.00 | OK | |||
r-release-macos-x86_64 | 0.1.0 | 22.00 | OK | |||
r-release-windows-x86_64 | 0.1.0 | 5.00 | 46.00 | 51.00 | OK | |
r-oldrel-macos-arm64 | 0.1.0 | 18.00 | OK | |||
r-oldrel-windows-x86_64 | 0.1.0 | 5.00 | 52.00 | 57.00 | OK |
Version: 0.1.0
Check: Rd cross-references
Result: NOTE
Undeclared package ‘colorspace’ in Rd xrefs
Flavor: r-devel-linux-x86_64-fedora-clang