Last updated on 2024-04-23 06:56:59 CEST.
Flavor | Version | Tinstall | Tcheck | Ttotal | Status | Flags |
---|---|---|---|---|---|---|
r-devel-linux-x86_64-debian-clang | 1.1-6 | 182.01 | 244.43 | 426.44 | OK | |
r-devel-linux-x86_64-debian-gcc | 1.1-6 | 148.45 | 184.77 | 333.22 | OK | |
r-devel-linux-x86_64-fedora-clang | 1.1-6 | 550.58 | OK | |||
r-devel-linux-x86_64-fedora-gcc | 1.1-6 | 600.50 | OK | |||
r-prerel-macos-arm64 | 1.1-6 | 137.00 | NOTE | |||
r-prerel-macos-x86_64 | 1.1-6 | 432.00 | NOTE | |||
r-prerel-windows-x86_64 | 1.1-6 | 128.00 | 278.00 | 406.00 | OK | |
r-patched-linux-x86_64 | 1.1-6 | 177.28 | 235.56 | 412.84 | OK | |
r-release-linux-x86_64 | 1.1-6 | 190.80 | 235.50 | 426.30 | OK | |
r-release-macos-arm64 | 1.1-6 | 198.00 | NOTE | |||
r-release-macos-x86_64 | 1.1-6 | 604.00 | NOTE | |||
r-release-windows-x86_64 | 1.1-6 | 164.00 | 314.00 | 478.00 | OK | |
r-oldrel-macos-arm64 | 1.1-6 | 188.00 | NOTE | |||
r-oldrel-windows-x86_64 | 1.1-6 | 147.00 | 311.00 | 458.00 | OK |
Version: 1.1-6
Check: installed package size
Result: NOTE
installed size is 33.2Mb
sub-directories of 1Mb or more:
doc 1.1Mb
libs 31.8Mb
Flavors: r-prerel-macos-arm64, r-prerel-macos-x86_64, r-release-macos-arm64, r-release-macos-x86_64, r-oldrel-macos-arm64