Last updated on 2024-04-19 06:56:19 CEST.
Flavor | Version | Tinstall | Tcheck | Ttotal | Status | Flags |
---|---|---|---|---|---|---|
r-devel-linux-x86_64-debian-clang | 1.1-1.0 | 11.94 | 101.25 | 113.19 | NOTE | |
r-devel-linux-x86_64-debian-gcc | 1.1-1.0 | NOTE | ||||
r-devel-linux-x86_64-fedora-clang | 1.1-1.0 | 135.92 | NOTE | |||
r-devel-linux-x86_64-fedora-gcc | 1.1-1.0 | 143.32 | NOTE | |||
r-prerel-macos-arm64 | 1.1-1.0 | 44.00 | NOTE | |||
r-prerel-macos-x86_64 | 1.1-1.0 | 98.00 | OK | |||
r-prerel-windows-x86_64 | 1.1-1.0 | 8.00 | 108.00 | 116.00 | NOTE | |
r-patched-linux-x86_64 | 1.1-1.0 | 8.87 | 92.32 | 101.19 | NOTE | |
r-release-linux-x86_64 | 1.1-1.0 | 9.56 | 97.15 | 106.71 | OK | |
r-release-macos-arm64 | 1.1-1.0 | 51.00 | OK | |||
r-release-macos-x86_64 | 1.1-1.0 | 131.00 | OK | |||
r-release-windows-x86_64 | 1.1-1.0 | 13.00 | 115.00 | 128.00 | OK | |
r-oldrel-macos-arm64 | 1.1-1.0 | 45.00 | OK | |||
r-oldrel-windows-x86_64 | 1.1-1.0 | 12.00 | 121.00 | 133.00 | OK |
Version: 1.1-1.0
Check: Rd files
Result: NOTE
checkRd: (-1) interval-internal.Rd:40: Lost braces
40 | \item{dqfunc}{function, density of the results of the quantile function, e.g., function(x){dnorm(qnorm(x))} (used for 'general' scores,
| ^
Flavors: r-devel-linux-x86_64-debian-clang, r-devel-linux-x86_64-debian-gcc, r-devel-linux-x86_64-fedora-clang, r-devel-linux-x86_64-fedora-gcc, r-prerel-macos-arm64, r-prerel-windows-x86_64, r-patched-linux-x86_64