Last updated on 2024-04-19 06:56:19 CEST.
Flavor | Version | Tinstall | Tcheck | Ttotal | Status | Flags |
---|---|---|---|---|---|---|
r-devel-linux-x86_64-debian-clang | 1.0.1 | 2.14 | 19.30 | 21.44 | NOTE | |
r-devel-linux-x86_64-debian-gcc | 1.0.1 | NOTE | ||||
r-devel-linux-x86_64-fedora-clang | 1.0.1 | 28.02 | NOTE | |||
r-devel-linux-x86_64-fedora-gcc | 1.0.1 | 26.41 | NOTE | |||
r-prerel-macos-arm64 | 1.0.1 | 14.00 | NOTE | |||
r-prerel-windows-x86_64 | 1.0.1 | 5.00 | 35.00 | 40.00 | NOTE | |
r-patched-linux-x86_64 | 1.0.1 | 1.94 | 19.02 | 20.96 | NOTE | |
r-release-linux-x86_64 | 1.0.1 | 2.25 | 18.60 | 20.85 | NOTE | |
r-release-macos-arm64 | 1.0.1 | 15.00 | NOTE | |||
r-release-macos-x86_64 | 1.0.1 | 19.00 | NOTE | |||
r-release-windows-x86_64 | 1.0.1 | 8.00 | 35.00 | 43.00 | NOTE | |
r-oldrel-macos-arm64 | 1.0.1 | 17.00 | NOTE | |||
r-oldrel-windows-x86_64 | 1.0.1 | 7.00 | 44.00 | 51.00 | NOTE |
Version: 1.0.1
Check: LazyData
Result: NOTE
'LazyData' is specified without a 'data' directory
Flavors: r-devel-linux-x86_64-debian-clang, r-devel-linux-x86_64-debian-gcc, r-devel-linux-x86_64-fedora-clang, r-devel-linux-x86_64-fedora-gcc, r-prerel-macos-arm64, r-prerel-windows-x86_64, r-patched-linux-x86_64, r-release-linux-x86_64, r-release-macos-arm64, r-release-macos-x86_64, r-release-windows-x86_64, r-oldrel-macos-arm64, r-oldrel-windows-x86_64