Last updated on 2024-05-07 18:49:50 CEST.
Flavor | Version | Tinstall | Tcheck | Ttotal | Status | Flags |
---|---|---|---|---|---|---|
r-devel-linux-x86_64-debian-clang | 0.7.1 | 665.50 | 226.51 | 892.01 | NOTE | |
r-devel-linux-x86_64-debian-gcc | 0.7.1 | 630.42 | 205.28 | 835.70 | NOTE | |
r-devel-linux-x86_64-fedora-clang | 0.7.1 | 1114.54 | NOTE | |||
r-devel-linux-x86_64-fedora-gcc | 0.7.1 | 1718.74 | NOTE | |||
r-devel-windows-x86_64 | 0.7.1 | 555.00 | 224.00 | 779.00 | NOTE | |
r-patched-linux-x86_64 | 0.7.1 | 547.57 | 260.68 | 808.25 | NOTE | |
r-release-linux-x86_64 | 0.7.1 | 592.97 | 270.72 | 863.69 | NOTE | |
r-release-macos-arm64 | 0.7.1 | 270.00 | NOTE | |||
r-release-macos-x86_64 | 0.7.1 | 324.00 | NOTE | |||
r-release-windows-x86_64 | 0.7.1 | 548.00 | 219.00 | 767.00 | NOTE | |
r-oldrel-macos-arm64 | 0.7.1 | 304.00 | NOTE | |||
r-oldrel-macos-x86_64 | 0.7.1 | 325.00 | NOTE | |||
r-oldrel-windows-x86_64 | 0.7.1 | 692.00 | 269.00 | 961.00 | NOTE |
Version: 0.7.1
Check: for GNU extensions in Makefiles
Result: NOTE
GNU make is a SystemRequirements.
Flavors: r-devel-linux-x86_64-debian-clang, r-devel-linux-x86_64-debian-gcc, r-devel-linux-x86_64-fedora-clang, r-devel-linux-x86_64-fedora-gcc, r-devel-windows-x86_64, r-patched-linux-x86_64, r-release-linux-x86_64, r-release-macos-arm64, r-release-macos-x86_64, r-release-windows-x86_64, r-oldrel-macos-arm64, r-oldrel-macos-x86_64, r-oldrel-windows-x86_64
Version: 0.7.1
Check: installed package size
Result: NOTE
installed size is 7.2Mb
sub-directories of 1Mb or more:
libs 5.8Mb
Flavors: r-devel-linux-x86_64-fedora-clang, r-devel-windows-x86_64, r-release-macos-arm64, r-release-macos-x86_64, r-release-windows-x86_64, r-oldrel-macos-arm64, r-oldrel-macos-x86_64, r-oldrel-windows-x86_64
Version: 0.7.1
Check: dependencies in R code
Result: NOTE
Namespaces in Imports field not imported from:
‘RcppParallel’ ‘rstantools’
All declared Imports should be used.
Flavors: r-devel-linux-x86_64-fedora-clang, r-devel-linux-x86_64-fedora-gcc