Last updated on 2024-05-07 18:49:50 CEST.
Flavor | Version | Tinstall | Tcheck | Ttotal | Status | Flags |
---|---|---|---|---|---|---|
r-devel-linux-x86_64-debian-clang | 2.1.1 | 38.21 | 35.16 | 73.37 | OK | |
r-devel-linux-x86_64-debian-gcc | 2.1.1 | 32.85 | 27.13 | 59.98 | OK | |
r-devel-linux-x86_64-fedora-clang | 2.1.1 | 99.60 | OK | |||
r-devel-linux-x86_64-fedora-gcc | 2.1.1 | 208.39 | OK | |||
r-devel-windows-x86_64 | 2.1.1 | 31.00 | 70.00 | 101.00 | OK | |
r-patched-linux-x86_64 | 2.1.1 | 40.84 | 34.39 | 75.23 | OK | |
r-release-linux-x86_64 | 2.1.1 | 45.50 | 34.08 | 79.58 | OK | |
r-release-macos-arm64 | 2.1.1 | 29.00 | NOTE | |||
r-release-windows-x86_64 | 2.1.1 | 29.00 | 72.00 | 101.00 | OK | |
r-oldrel-macos-arm64 | 2.1.1 | 32.00 | NOTE | |||
r-oldrel-macos-x86_64 | 2.1.1 | 47.00 | NOTE | |||
r-oldrel-windows-x86_64 | 2.1.1 | 28.00 | 79.00 | 107.00 | OK |
Version: 2.1.1
Check: installed package size
Result: NOTE
installed size is 5.7Mb
sub-directories of 1Mb or more:
libs 4.7Mb
Flavors: r-release-macos-arm64, r-oldrel-macos-arm64, r-oldrel-macos-x86_64