Last updated on 2024-03-28 06:01:28 CET.
Flavor | Version | Tinstall | Tcheck | Ttotal | Status | Flags |
---|---|---|---|---|---|---|
r-devel-linux-x86_64-debian-clang | 1.3.5 | 2.60 | 41.88 | 44.48 | NOTE | |
r-devel-linux-x86_64-debian-gcc | 1.3.5 | 2.77 | 32.52 | 35.29 | NOTE | |
r-devel-linux-x86_64-fedora-clang | 1.3.5 | 57.01 | NOTE | |||
r-devel-linux-x86_64-fedora-gcc | 1.3.5 | 55.62 | NOTE | |||
r-devel-windows-x86_64 | 1.3.5 | 4.00 | 56.00 | 60.00 | NOTE | |
r-patched-linux-x86_64 | 1.3.5 | 3.58 | 40.96 | 44.54 | NOTE | |
r-release-linux-x86_64 | 1.3.5 | 2.98 | 40.59 | 43.57 | NOTE | |
r-release-macos-arm64 | 1.3.5 | 24.00 | NOTE | |||
r-release-macos-x86_64 | 1.3.5 | 36.00 | NOTE | |||
r-release-windows-x86_64 | 1.3.5 | 5.00 | 60.00 | 65.00 | NOTE | |
r-oldrel-macos-arm64 | 1.3.5 | 22.00 | NOTE | |||
r-oldrel-windows-x86_64 | 1.3.5 | 5.00 | 64.00 | 69.00 | NOTE |
Version: 1.3.5
Check: LazyData
Result: NOTE
'LazyData' is specified without a 'data' directory
Flavors: r-devel-linux-x86_64-debian-clang, r-devel-linux-x86_64-debian-gcc, r-devel-linux-x86_64-fedora-clang, r-devel-linux-x86_64-fedora-gcc, r-devel-windows-x86_64, r-patched-linux-x86_64, r-release-linux-x86_64, r-release-macos-arm64, r-release-macos-x86_64, r-release-windows-x86_64, r-oldrel-macos-arm64, r-oldrel-windows-x86_64