Last updated on 2024-05-07 06:55:55 CEST.
Flavor | Version | Tinstall | Tcheck | Ttotal | Status | Flags |
---|---|---|---|---|---|---|
r-devel-linux-x86_64-debian-clang | 1.0.3 | 20.65 | 64.63 | 85.28 | OK | |
r-devel-linux-x86_64-debian-gcc | 1.0.3 | 16.54 | 47.51 | 64.05 | OK | |
r-devel-linux-x86_64-fedora-clang | 1.0.3 | 111.98 | NOTE | |||
r-devel-linux-x86_64-fedora-gcc | 1.0.3 | 145.07 | OK | |||
r-devel-windows-x86_64 | 1.0.3 | 18.00 | 71.00 | 89.00 | OK | |
r-patched-linux-x86_64 | 1.0.3 | 20.61 | 60.88 | 81.49 | OK | |
r-release-linux-x86_64 | 1.0.3 | 19.81 | 63.59 | 83.40 | OK | |
r-release-macos-arm64 | 1.0.3 | 37.00 | OK | |||
r-release-windows-x86_64 | 1.0.3 | 18.00 | 69.00 | 87.00 | OK | |
r-oldrel-macos-arm64 | 1.0.3 | 59.00 | OK | |||
r-oldrel-macos-x86_64 | 1.0.3 | 131.00 | OK | |||
r-oldrel-windows-x86_64 | 1.0.3 | 21.00 | 77.00 | 98.00 | OK |
Version: 1.0.3
Check: installed package size
Result: NOTE
installed size is 5.8Mb
sub-directories of 1Mb or more:
libs 5.0Mb
Flavor: r-devel-linux-x86_64-fedora-clang