Last updated on 2024-03-28 17:49:32 CET.
Flavor | Version | Tinstall | Tcheck | Ttotal | Status | Flags |
---|---|---|---|---|---|---|
r-devel-linux-x86_64-debian-clang | 3.0.2 | 4.45 | 47.18 | 51.63 | NOTE | |
r-devel-linux-x86_64-debian-gcc | 3.0.2 | 5.08 | 35.62 | 40.70 | NOTE | |
r-devel-linux-x86_64-fedora-clang | 3.0.2 | 65.79 | NOTE | |||
r-devel-linux-x86_64-fedora-gcc | 3.0.2 | 63.82 | NOTE | |||
r-devel-windows-x86_64 | 3.0.2 | 6.00 | 61.00 | 67.00 | NOTE | |
r-patched-linux-x86_64 | 3.0.2 | 9.64 | 45.31 | 54.95 | NOTE | |
r-release-linux-x86_64 | 3.0.2 | 3.88 | 45.14 | 49.02 | OK | |
r-release-macos-arm64 | 3.0.2 | 27.00 | OK | |||
r-release-macos-x86_64 | 3.0.2 | 35.00 | OK | |||
r-release-windows-x86_64 | 3.0.2 | 8.00 | 67.00 | 75.00 | OK | |
r-oldrel-macos-arm64 | 3.0.2 | 23.00 | OK | |||
r-oldrel-windows-x86_64 | 3.0.2 | 7.00 | 66.00 | 73.00 | OK |
Version: 3.0.2
Check: Rd files
Result: NOTE
checkRd: (-1) univ.Rd:35: Lost braces in \enumerate; meant \describe ?
checkRd: (-1) univ.Rd:36: Lost braces in \enumerate; meant \describe ?
checkRd: (-1) univ.Rd:37: Lost braces in \enumerate; meant \describe ?
checkRd: (-1) univ.Rd:38: Lost braces in \enumerate; meant \describe ?
checkRd: (-1) univ.Rd:39: Lost braces in \enumerate; meant \describe ?
checkRd: (-1) univ.Rd:40: Lost braces in \enumerate; meant \describe ?
checkRd: (-1) univ.Rd:41: Lost braces in \enumerate; meant \describe ?
checkRd: (-1) univ.Rd:42: Lost braces in \enumerate; meant \describe ?
checkRd: (-1) univ.Rd:43: Lost braces in \enumerate; meant \describe ?
checkRd: (-1) univ.Rd:44: Lost braces in \enumerate; meant \describe ?
checkRd: (-1) univ.Rd:45: Lost braces in \enumerate; meant \describe ?
checkRd: (-1) univ.Rd:46: Lost braces in \enumerate; meant \describe ?
Flavors: r-devel-linux-x86_64-debian-clang, r-devel-linux-x86_64-debian-gcc, r-devel-linux-x86_64-fedora-clang, r-devel-linux-x86_64-fedora-gcc, r-devel-windows-x86_64, r-patched-linux-x86_64