Last updated on 2024-04-19 06:56:20 CEST.
Flavor | Version | Tinstall | Tcheck | Ttotal | Status | Flags |
---|---|---|---|---|---|---|
r-devel-linux-x86_64-debian-clang | 1.4.2 | 4.24 | 46.62 | 50.86 | NOTE | |
r-devel-linux-x86_64-debian-gcc | 1.4.2 | NOTE | ||||
r-devel-linux-x86_64-fedora-clang | 1.4.2 | 63.64 | NOTE | |||
r-devel-linux-x86_64-fedora-gcc | 1.4.2 | 62.01 | NOTE | |||
r-prerel-macos-arm64 | 1.4.2 | 26.00 | NOTE | |||
r-prerel-windows-x86_64 | 1.4.2 | 7.00 | 66.00 | 73.00 | NOTE | |
r-patched-linux-x86_64 | 1.4.2 | 6.37 | 45.25 | 51.62 | NOTE | |
r-release-linux-x86_64 | 1.4.2 | 5.07 | 44.77 | 49.84 | OK | |
r-release-macos-arm64 | 1.4.2 | 26.00 | OK | |||
r-release-macos-x86_64 | 1.4.2 | 41.00 | OK | |||
r-release-windows-x86_64 | 1.4.2 | 8.00 | 72.00 | 80.00 | OK | |
r-oldrel-macos-arm64 | 1.4.2 | 26.00 | OK | |||
r-oldrel-windows-x86_64 | 1.4.2 | 7.00 | 77.00 | 84.00 | OK |
Version: 1.4.2
Check: Rd contents
Result: NOTE
Argument items with no description in Rd file 'top.topic.words.Rd':
‘alpha’
Flavors: r-devel-linux-x86_64-debian-clang, r-devel-linux-x86_64-debian-gcc, r-devel-linux-x86_64-fedora-clang, r-devel-linux-x86_64-fedora-gcc, r-prerel-macos-arm64, r-prerel-windows-x86_64, r-patched-linux-x86_64
Version: 1.4.2
Check: compiled code
Result: NOTE
File ‘lda/libs/lda.so’:
Found no calls to: ‘R_registerRoutines’, ‘R_useDynamicSymbols’
It is good practice to register native routines and to disable symbol
search.
See ‘Writing portable packages’ in the ‘Writing R Extensions’ manual.
Flavors: r-devel-linux-x86_64-fedora-clang, r-devel-linux-x86_64-fedora-gcc