Last updated on 2024-04-19 19:50:17 CEST.
Flavor | Version | Tinstall | Tcheck | Ttotal | Status | Flags |
---|---|---|---|---|---|---|
r-devel-linux-x86_64-debian-clang | 4.3.2 | 44.64 | 359.50 | 404.14 | OK | |
r-devel-linux-x86_64-debian-gcc | 4.3.2 | OK | ||||
r-devel-linux-x86_64-fedora-clang | 4.3.2 | 485.50 | NOTE | |||
r-devel-linux-x86_64-fedora-gcc | 4.3.2 | 485.41 | OK | |||
r-prerel-macos-arm64 | 4.3.2 | 134.00 | NOTE | |||
r-prerel-macos-x86_64 | 4.3.2 | 284.00 | NOTE | |||
r-prerel-windows-x86_64 | 4.3.2 | 36.00 | 256.00 | 292.00 | NOTE | |
r-patched-linux-x86_64 | 4.3.2 | 44.22 | 343.35 | 387.57 | OK | |
r-release-linux-x86_64 | 4.3.2 | 37.80 | 339.03 | 376.83 | OK | |
r-release-macos-arm64 | 4.3.2 | 131.00 | NOTE | |||
r-release-macos-x86_64 | 4.3.2 | 218.00 | NOTE | |||
r-release-windows-x86_64 | 4.3.2 | 46.00 | 313.00 | 359.00 | NOTE | |
r-oldrel-macos-arm64 | 4.3.2 | 132.00 | NOTE | |||
r-oldrel-windows-x86_64 | 4.3.2 | 51.00 | 319.00 | 370.00 | NOTE |
Version: 4.3.2
Check: installed package size
Result: NOTE
installed size is 8.7Mb
sub-directories of 1Mb or more:
R 1.3Mb
doc 6.0Mb
Flavors: r-devel-linux-x86_64-fedora-clang, r-prerel-macos-arm64, r-prerel-macos-x86_64, r-prerel-windows-x86_64, r-release-macos-arm64, r-release-macos-x86_64, r-release-windows-x86_64, r-oldrel-macos-arm64, r-oldrel-windows-x86_64
Version: 4.3.2
Check: package dependencies
Result: NOTE
Package suggested but not available for checking: ‘arrow’
Flavor: r-prerel-macos-x86_64