Last updated on 2024-04-24 18:52:43 CEST.
Flavor | Version | Tinstall | Tcheck | Ttotal | Status | Flags |
---|---|---|---|---|---|---|
r-devel-linux-x86_64-debian-clang | 3.0-0 | 24.33 | 189.25 | 213.58 | NOTE | |
r-devel-linux-x86_64-debian-gcc | 3.0-0 | 16.58 | 145.22 | 161.80 | NOTE | |
r-devel-linux-x86_64-fedora-clang | 3.0-0 | 275.52 | NOTE | |||
r-devel-linux-x86_64-fedora-gcc | 3.0-0 | 271.71 | NOTE | |||
r-devel-windows-x86_64 | 3.0-0 | 33.00 | 200.00 | 233.00 | OK | |
r-patched-linux-x86_64 | 3.0-0 | 16.48 | 186.91 | 203.39 | OK | |
r-release-linux-x86_64 | 3.0-0 | 19.33 | 190.56 | 209.89 | OK | |
r-release-macos-arm64 | 3.0-0 | 126.00 | OK | |||
r-release-macos-x86_64 | 3.0-0 | 256.00 | OK | |||
r-release-windows-x86_64 | 3.0-0 | 35.00 | 195.00 | 230.00 | OK | |
r-oldrel-macos-arm64 | 3.0-0 | 117.00 | OK | |||
r-oldrel-macos-x86_64 | 3.0-0 | 228.00 | OK | |||
r-oldrel-windows-x86_64 | 3.0-0 | 44.00 | 211.00 | 255.00 | OK |
Version: 3.0-0
Check: compiled code
Result: NOTE
File ‘lfe/libs/lfe.so’:
Found non-API call to R: ‘SET_NAMED’
Compiled code should not call non-API entry points in R.
See ‘Writing portable packages’ in the ‘Writing R Extensions’ manual.
Flavors: r-devel-linux-x86_64-debian-clang, r-devel-linux-x86_64-debian-gcc, r-devel-linux-x86_64-fedora-clang, r-devel-linux-x86_64-fedora-gcc