Last updated on 2024-05-07 06:55:55 CEST.
Flavor | Version | Tinstall | Tcheck | Ttotal | Status | Flags |
---|---|---|---|---|---|---|
r-devel-linux-x86_64-debian-clang | 1.7.1 | 6.02 | 74.33 | 80.35 | OK | |
r-devel-linux-x86_64-debian-gcc | 1.7.1 | 4.61 | 57.45 | 62.06 | OK | |
r-devel-linux-x86_64-fedora-clang | 1.7.1 | 99.21 | NOTE | |||
r-devel-linux-x86_64-fedora-gcc | 1.7.1 | 133.05 | OK | |||
r-devel-windows-x86_64 | 1.7.1 | 6.00 | 86.00 | 92.00 | OK | |
r-patched-linux-x86_64 | 1.7.1 | 6.15 | 71.28 | 77.43 | OK | |
r-release-linux-x86_64 | 1.7.1 | 6.73 | 72.63 | 79.36 | OK | |
r-release-macos-arm64 | 1.7.1 | 43.00 | OK | |||
r-release-macos-x86_64 | 1.7.1 | 145.00 | OK | |||
r-release-windows-x86_64 | 1.7.1 | 6.00 | 86.00 | 92.00 | OK | |
r-oldrel-macos-arm64 | 1.7.1 | 51.00 | OK | |||
r-oldrel-macos-x86_64 | 1.7.1 | 113.00 | OK | |||
r-oldrel-windows-x86_64 | 1.7.1 | 7.00 | 94.00 | 101.00 | OK |
Version: 1.7.1
Check: Rd cross-references
Result: NOTE
Undeclared package ‘future’ in Rd xrefs
Flavor: r-devel-linux-x86_64-fedora-clang