Last updated on 2024-03-28 17:49:32 CET.
Flavor | Version | Tinstall | Tcheck | Ttotal | Status | Flags |
---|---|---|---|---|---|---|
r-devel-linux-x86_64-debian-clang | 1.1.2 | 3.39 | 35.04 | 38.43 | NOTE | |
r-devel-linux-x86_64-debian-gcc | 1.1.2 | 2.63 | 26.05 | 28.68 | NOTE | |
r-devel-linux-x86_64-fedora-clang | 1.1.2 | 46.22 | NOTE | |||
r-devel-linux-x86_64-fedora-gcc | 1.1.2 | 46.08 | NOTE | |||
r-devel-windows-x86_64 | 1.1.2 | 3.00 | 47.00 | 50.00 | NOTE | |
r-patched-linux-x86_64 | 1.1.2 | 4.03 | 33.12 | 37.15 | NOTE | |
r-release-linux-x86_64 | 1.1.2 | 2.56 | 33.16 | 35.72 | NOTE | |
r-release-macos-arm64 | 1.1.2 | 18.00 | NOTE | |||
r-release-macos-x86_64 | 1.1.2 | 26.00 | NOTE | |||
r-release-windows-x86_64 | 1.1.2 | 4.00 | 51.00 | 55.00 | NOTE | |
r-oldrel-macos-arm64 | 1.1.2 | 19.00 | OK | |||
r-oldrel-windows-x86_64 | 1.1.2 | 10.00 | 58.00 | 68.00 | OK |
Version: 1.1.2
Check: Rd files
Result: NOTE
checkRd: (-1) lstats.liu.Rd:41: Escaped LaTeX specials: \&
checkRd: (-1) vcov.liu.Rd:20: Lost braces
20 | A list of matrix of estimated covariances in the linear Liu regression model for scalar or vector biasing parameter \code{d}{d} is produced. Each list element has row and column names corresponding to the parameter names given by the \code{coef(mod)}. List items are named correspond to values of biasing parameter \eqn{d}{d}.}
| ^
Flavors: r-devel-linux-x86_64-debian-clang, r-devel-linux-x86_64-debian-gcc, r-devel-linux-x86_64-fedora-clang, r-devel-linux-x86_64-fedora-gcc, r-devel-windows-x86_64, r-patched-linux-x86_64
Version: 1.1.2
Check: Rd files
Result: NOTE
checkRd: (-1) lstats.liu.Rd:41: Escaped LaTeX specials: \&
Flavors: r-release-linux-x86_64, r-release-macos-arm64, r-release-macos-x86_64, r-release-windows-x86_64