Last updated on 2024-04-18 18:57:44 CEST.
Flavor | Version | Tinstall | Tcheck | Ttotal | Status | Flags |
---|---|---|---|---|---|---|
r-devel-linux-x86_64-debian-clang | 1.0.3 | 1.35 | 20.46 | 21.81 | NOTE | |
r-devel-linux-x86_64-debian-gcc | 1.0.3 | 1.64 | 16.13 | 17.77 | NOTE | |
r-devel-linux-x86_64-fedora-clang | 1.0.3 | 29.12 | NOTE | |||
r-devel-linux-x86_64-fedora-gcc | 1.0.3 | 27.53 | NOTE | |||
r-prerel-macos-arm64 | 1.0.3 | 14.00 | NOTE | |||
r-prerel-windows-x86_64 | 1.0.3 | 2.00 | 37.00 | 39.00 | NOTE | |
r-patched-linux-x86_64 | 1.0.3 | 1.65 | 19.66 | 21.31 | NOTE | |
r-release-linux-x86_64 | 1.0.3 | 1.97 | 19.79 | 21.76 | NOTE | |
r-release-macos-arm64 | 1.0.3 | 14.00 | NOTE | |||
r-release-macos-x86_64 | 1.0.3 | 19.00 | NOTE | |||
r-release-windows-x86_64 | 1.0.3 | 3.00 | 37.00 | 40.00 | NOTE | |
r-oldrel-macos-arm64 | 1.0.3 | 16.00 | NOTE | |||
r-oldrel-windows-x86_64 | 1.0.3 | 4.00 | 46.00 | 50.00 | NOTE |
Version: 1.0.3
Check: LazyData
Result: NOTE
'LazyData' is specified without a 'data' directory
Flavors: r-devel-linux-x86_64-debian-clang, r-devel-linux-x86_64-debian-gcc, r-devel-linux-x86_64-fedora-clang, r-devel-linux-x86_64-fedora-gcc, r-prerel-macos-arm64, r-prerel-windows-x86_64, r-patched-linux-x86_64, r-release-linux-x86_64, r-release-macos-arm64, r-release-macos-x86_64, r-release-windows-x86_64, r-oldrel-macos-arm64, r-oldrel-windows-x86_64