Last updated on 2024-04-19 19:50:18 CEST.
Flavor | Version | Tinstall | Tcheck | Ttotal | Status | Flags |
---|---|---|---|---|---|---|
r-devel-linux-x86_64-debian-clang | 1.5 | 6.64 | 25.62 | 32.26 | OK | |
r-devel-linux-x86_64-debian-gcc | 1.5 | OK | ||||
r-devel-linux-x86_64-fedora-clang | 1.5 | 41.02 | OK | |||
r-devel-linux-x86_64-fedora-gcc | 1.5 | 37.76 | OK | |||
r-prerel-macos-arm64 | 1.5 | 18.00 | OK | |||
r-prerel-windows-x86_64 | 1.5 | 7.00 | 43.00 | 50.00 | OK | |
r-patched-linux-x86_64 | 1.5 | 5.82 | 23.35 | 29.17 | OK | |
r-release-linux-x86_64 | 1.5 | 5.16 | 23.53 | 28.69 | OK | |
r-release-macos-arm64 | 1.5 | 22.00 | OK | |||
r-release-macos-x86_64 | 1.5 | 47.00 | OK | |||
r-release-windows-x86_64 | 1.5 | 7.00 | 43.00 | 50.00 | OK | |
r-oldrel-macos-arm64 | 1.4 | 10.00 | ERROR | |||
r-oldrel-windows-x86_64 | 1.4 | 1.00 | 9.00 | 10.00 | ERROR |
Version: 1.4
Check: whether package can be installed
Result: ERROR
Installation failed.
Flavors: r-oldrel-macos-arm64, r-oldrel-windows-x86_64