Last updated on 2024-03-28 17:49:33 CET.
Flavor | Version | Tinstall | Tcheck | Ttotal | Status | Flags |
---|---|---|---|---|---|---|
r-devel-linux-x86_64-debian-clang | 1.1.3 | 173.71 | 48.34 | 222.05 | OK | |
r-devel-linux-x86_64-debian-gcc | 1.1.3 | 130.99 | 35.77 | 166.76 | OK | |
r-devel-linux-x86_64-fedora-clang | 1.1.3 | 304.36 | OK | |||
r-devel-linux-x86_64-fedora-gcc | 1.1.3 | 313.19 | OK | |||
r-devel-windows-x86_64 | 1.1.3 | 121.00 | 84.00 | 205.00 | OK | |
r-patched-linux-x86_64 | 1.1.3 | 153.41 | 47.29 | 200.70 | OK | |
r-release-linux-x86_64 | 1.1.3 | 165.66 | 45.55 | 211.21 | OK | |
r-release-macos-arm64 | 1.1.3 | 65.00 | NOTE | |||
r-release-macos-x86_64 | 1.1.3 | 123.00 | NOTE | |||
r-release-windows-x86_64 | 1.1.3 | 152.00 | 90.00 | 242.00 | OK | |
r-oldrel-macos-arm64 | 1.1.3 | 65.00 | NOTE | |||
r-oldrel-windows-x86_64 | 1.1.3 | 143.00 | 93.00 | 236.00 | OK |
Version: 1.1.3
Check: installed package size
Result: NOTE
installed size is 5.5Mb
sub-directories of 1Mb or more:
libs 5.3Mb
Flavors: r-release-macos-arm64, r-release-macos-x86_64, r-oldrel-macos-arm64