Last updated on 2024-03-28 17:49:33 CET.
Flavor | Version | Tinstall | Tcheck | Ttotal | Status | Flags |
---|---|---|---|---|---|---|
r-devel-linux-x86_64-debian-clang | 0.73.3 | 3.80 | 40.23 | 44.03 | NOTE | |
r-devel-linux-x86_64-debian-gcc | 0.73.3 | 2.64 | 31.86 | 34.50 | NOTE | |
r-devel-linux-x86_64-fedora-clang | 0.73.3 | 53.91 | NOTE | |||
r-devel-linux-x86_64-fedora-gcc | 0.73.3 | 53.54 | NOTE | |||
r-devel-windows-x86_64 | 0.73.3 | 4.00 | 61.00 | 65.00 | NOTE | |
r-patched-linux-x86_64 | 0.73.3 | 3.97 | 38.43 | 42.40 | NOTE | |
r-release-linux-x86_64 | 0.73.3 | 3.14 | 38.61 | 41.75 | NOTE | |
r-release-macos-arm64 | 0.73.3 | 28.00 | NOTE | |||
r-release-macos-x86_64 | 0.73.3 | 32.00 | NOTE | |||
r-release-windows-x86_64 | 0.73.3 | 5.00 | 62.00 | 67.00 | NOTE | |
r-oldrel-macos-arm64 | 0.73.3 | 24.00 | OK | |||
r-oldrel-windows-x86_64 | 0.73.3 | 6.00 | 63.00 | 69.00 | OK |
Version: 0.73.3
Check: Rd files
Result: NOTE
checkRd: (-1) specialchars.Rd:6: Escaped LaTeX specials: \&
Flavors: r-devel-linux-x86_64-debian-clang, r-devel-linux-x86_64-debian-gcc, r-devel-linux-x86_64-fedora-clang, r-devel-linux-x86_64-fedora-gcc, r-devel-windows-x86_64, r-patched-linux-x86_64, r-release-linux-x86_64, r-release-macos-arm64, r-release-macos-x86_64, r-release-windows-x86_64
Version: 0.73.3
Check: data for non-ASCII characters
Result: NOTE
Note: found 143 marked Latin-1 strings
Note: found 833 marked UTF-8 strings
Flavors: r-devel-linux-x86_64-fedora-clang, r-devel-linux-x86_64-fedora-gcc