Last updated on 2024-04-23 18:51:00 CEST.
Flavor | Version | Tinstall | Tcheck | Ttotal | Status | Flags |
---|---|---|---|---|---|---|
r-devel-linux-x86_64-debian-clang | 0.5.6 | 7.22 | 64.58 | 71.80 | NOTE | |
r-devel-linux-x86_64-debian-gcc | 0.5.6 | 6.69 | 47.96 | 54.65 | NOTE | |
r-devel-linux-x86_64-fedora-clang | 0.5.6 | 93.55 | NOTE | |||
r-devel-linux-x86_64-fedora-gcc | 0.5.6 | 86.90 | NOTE | |||
r-prerel-macos-arm64 | 0.5.6 | 28.00 | NOTE | |||
r-prerel-windows-x86_64 | 0.5.6 | 9.00 | 64.00 | 73.00 | NOTE | |
r-patched-linux-x86_64 | 0.5.6 | 8.27 | 61.15 | 69.42 | NOTE | |
r-release-linux-x86_64 | 0.5.6 | 7.55 | 62.17 | 69.72 | NOTE | |
r-release-macos-arm64 | 0.5.6 | 31.00 | NOTE | |||
r-release-macos-x86_64 | 0.5.6 | 47.00 | NOTE | |||
r-release-windows-x86_64 | 0.5.6 | 10.00 | 71.00 | 81.00 | NOTE | |
r-oldrel-macos-arm64 | 0.5.6 | 31.00 | NOTE | |||
r-oldrel-windows-x86_64 | 0.5.6 | 12.00 | 78.00 | 90.00 | NOTE |
Version: 0.5.6
Check: LazyData
Result: NOTE
'LazyData' is specified without a 'data' directory
Flavors: r-devel-linux-x86_64-debian-clang, r-devel-linux-x86_64-debian-gcc, r-devel-linux-x86_64-fedora-clang, r-devel-linux-x86_64-fedora-gcc, r-prerel-macos-arm64, r-prerel-windows-x86_64, r-patched-linux-x86_64, r-release-linux-x86_64, r-release-macos-arm64, r-release-macos-x86_64, r-release-windows-x86_64, r-oldrel-macos-arm64, r-oldrel-windows-x86_64