Last updated on 2024-03-28 06:01:29 CET.
Flavor | Version | Tinstall | Tcheck | Ttotal | Status | Flags |
---|---|---|---|---|---|---|
r-devel-linux-x86_64-debian-clang | 1.0-0 | 2.14 | 31.97 | 34.11 | NOTE | |
r-devel-linux-x86_64-debian-gcc | 1.0-0 | 1.38 | 25.47 | 26.85 | NOTE | |
r-devel-linux-x86_64-fedora-clang | 1.0-0 | 44.59 | NOTE | |||
r-devel-linux-x86_64-fedora-gcc | 1.0-0 | 56.22 | NOTE | |||
r-devel-windows-x86_64 | 1.0-0 | 3.00 | 48.00 | 51.00 | NOTE | |
r-patched-linux-x86_64 | 1.0-0 | 2.17 | 30.10 | 32.27 | NOTE | |
r-release-linux-x86_64 | 1.0-0 | 2.09 | 30.23 | 32.32 | NOTE | |
r-release-macos-arm64 | 1.0-0 | 25.00 | NOTE | |||
r-release-macos-x86_64 | 1.0-0 | 35.00 | NOTE | |||
r-release-windows-x86_64 | 1.0-0 | 3.00 | 46.00 | 49.00 | NOTE | |
r-oldrel-macos-arm64 | 1.0-0 | 22.00 | NOTE | |||
r-oldrel-windows-x86_64 | 1.0-0 | 4.00 | 53.00 | 57.00 | NOTE |
Version: 1.0-0
Check: LazyData
Result: NOTE
'LazyData' is specified without a 'data' directory
Flavors: r-devel-linux-x86_64-debian-clang, r-devel-linux-x86_64-debian-gcc, r-devel-linux-x86_64-fedora-clang, r-devel-linux-x86_64-fedora-gcc, r-devel-windows-x86_64, r-patched-linux-x86_64, r-release-linux-x86_64, r-release-macos-arm64, r-release-macos-x86_64, r-release-windows-x86_64, r-oldrel-macos-arm64, r-oldrel-windows-x86_64