CRAN Package Check Results for Package ltbayes

Last updated on 2018-10-21 06:46:40 CEST.

Flavor Version Tinstall Tcheck Ttotal Status Flags
r-devel-linux-x86_64-debian-clang 0.4 2.82 109.71 112.53 OK
r-devel-linux-x86_64-debian-gcc 0.4 2.28 83.70 85.98 OK
r-devel-linux-x86_64-fedora-clang 0.4 131.57 NOTE
r-devel-linux-x86_64-fedora-gcc 0.4 130.81 NOTE
r-devel-windows-ix86+x86_64 0.4 15.00 178.00 193.00 OK
r-patched-linux-x86_64 0.4 2.51 107.14 109.65 NOTE
r-patched-solaris-x86 0.4 167.20 OK
r-release-linux-x86_64 0.4 2.84 108.57 111.41 NOTE
r-release-windows-ix86+x86_64 0.4 20.00 175.00 195.00 OK
r-release-osx-x86_64 0.4 OK
r-oldrel-windows-ix86+x86_64 0.4 12.00 179.00 191.00 OK
r-oldrel-osx-x86_64 0.4 OK

Check Details

Version: 0.4
Check: compiled code
Result: NOTE
    File ‘ltbayes/libs/ltbayes.so’:
     Found no calls to: ‘R_registerRoutines’, ‘R_useDynamicSymbols’
    
    It is good practice to register native routines and to disable symbol
    search.
    
    See ‘Writing portable packages’ in the ‘Writing R Extensions’ manual.
Flavors: r-devel-linux-x86_64-fedora-clang, r-devel-linux-x86_64-fedora-gcc

Version: 0.4
Check: DESCRIPTION meta-information
Result: NOTE
    Dependence on R version ‘3.3.1’ not with patchlevel 0
Flavors: r-patched-linux-x86_64, r-release-linux-x86_64