CRAN Package Check Results for Package ltbayes

Last updated on 2018-07-19 18:49:24 CEST.

Flavor Version Tinstall Tcheck Ttotal Status Flags
r-devel-linux-x86_64-debian-clang 0.4 2.86 96.08 98.94 NOTE
r-devel-linux-x86_64-debian-gcc 0.4 2.19 83.06 85.25 NOTE
r-devel-linux-x86_64-fedora-clang 0.4 131.38 NOTE
r-devel-linux-x86_64-fedora-gcc 0.4 127.92 NOTE
r-devel-windows-ix86+x86_64 0.4 12.00 174.00 186.00 OK
r-patched-linux-x86_64 0.4 2.81 109.76 112.57 NOTE
r-patched-solaris-x86 0.4 169.50 OK
r-release-linux-x86_64 0.4 2.71 109.81 112.52 NOTE
r-release-windows-ix86+x86_64 0.4 15.00 176.00 191.00 OK
r-release-osx-x86_64 0.4 OK
r-oldrel-windows-ix86+x86_64 0.4 18.00 149.00 167.00 OK
r-oldrel-osx-x86_64 0.4 OK

Check Details

Version: 0.4
Check: compiled code
Result: NOTE
    File ‘ltbayes/libs/ltbayes.so’:
     Found no calls to: ‘R_registerRoutines’, ‘R_useDynamicSymbols’
    
    It is good practice to register native routines and to disable symbol
    search.
    
    See ‘Writing portable packages’ in the ‘Writing R Extensions’ manual.
Flavors: r-devel-linux-x86_64-debian-clang, r-devel-linux-x86_64-debian-gcc, r-devel-linux-x86_64-fedora-clang, r-devel-linux-x86_64-fedora-gcc, r-patched-linux-x86_64, r-release-linux-x86_64

Version: 0.4
Check: DESCRIPTION meta-information
Result: NOTE
    Dependence on R version ‘3.3.1’ not with patchlevel 0
Flavors: r-patched-linux-x86_64, r-release-linux-x86_64