CRAN Package Check Results for Package ltbayes

Last updated on 2018-01-21 16:49:10 CET.

Flavor Version Tinstall Tcheck Ttotal Status Flags
r-devel-linux-x86_64-debian-clang 0.4 2.05 119.66 121.71 NOTE
r-devel-linux-x86_64-debian-gcc 0.4 1.92 86.06 87.98 NOTE
r-devel-linux-x86_64-fedora-clang 0.4 138.45 NOTE
r-devel-linux-x86_64-fedora-gcc 0.4 135.98 NOTE
r-devel-windows-ix86+x86_64 0.4 21.00 150.00 171.00 OK
r-patched-linux-x86_64 0.4 1.84 116.49 118.33 NOTE
r-patched-solaris-x86 0.4 173.40 OK
r-release-linux-x86_64 0.4 2.19 118.57 120.76 NOTE
r-release-windows-ix86+x86_64 0.4 15.00 134.00 149.00 OK
r-release-osx-x86_64 0.4 OK
r-oldrel-windows-ix86+x86_64 0.4 13.00 171.00 184.00 OK
r-oldrel-osx-x86_64 0.4 OK

Check Details

Version: 0.4
Check: DESCRIPTION meta-information
Result: NOTE
    Dependence on R version ‘3.3.1’ not with patchlevel 0
Flavors: r-devel-linux-x86_64-debian-clang, r-devel-linux-x86_64-debian-gcc, r-devel-linux-x86_64-fedora-clang, r-devel-linux-x86_64-fedora-gcc

Version: 0.4
Check: compiled code
Result: NOTE
    File ‘ltbayes/libs/ltbayes.so’:
     Found no calls to: ‘R_registerRoutines’, ‘R_useDynamicSymbols’
    
    It is good practice to register native routines and to disable symbol
    search.
    
    See ‘Writing portable packages’ in the ‘Writing R Extensions’ manual.
Flavors: r-devel-linux-x86_64-debian-clang, r-devel-linux-x86_64-debian-gcc, r-devel-linux-x86_64-fedora-clang, r-devel-linux-x86_64-fedora-gcc, r-patched-linux-x86_64, r-release-linux-x86_64