Last updated on 2024-05-07 06:55:56 CEST.
Flavor | Version | Tinstall | Tcheck | Ttotal | Status | Flags |
---|---|---|---|---|---|---|
r-devel-linux-x86_64-debian-clang | 0.1.0 | 2.11 | 21.93 | 24.04 | OK | |
r-devel-linux-x86_64-debian-gcc | 0.1.0 | 1.95 | 17.23 | 19.18 | OK | |
r-devel-linux-x86_64-fedora-clang | 0.1.0 | 31.43 | NOTE | |||
r-devel-linux-x86_64-fedora-gcc | 0.1.0 | 34.99 | NOTE | |||
r-devel-windows-x86_64 | 0.1.0 | 3.00 | 42.00 | 45.00 | OK | |
r-patched-linux-x86_64 | 0.1.0 | 2.17 | 21.56 | 23.73 | OK | |
r-release-linux-x86_64 | 0.1.0 | 2.39 | 21.34 | 23.73 | OK | |
r-release-macos-arm64 | 0.1.0 | 15.00 | OK | |||
r-release-windows-x86_64 | 0.1.0 | 5.00 | 40.00 | 45.00 | OK | |
r-oldrel-macos-arm64 | 0.1.0 | 15.00 | OK | |||
r-oldrel-macos-x86_64 | 0.1.0 | 17.00 | OK | |||
r-oldrel-windows-x86_64 | 0.1.0 | 4.00 | 38.00 | 42.00 | OK |
Version: 0.1.0
Check: dependencies in R code
Result: NOTE
Namespace in Imports field not imported from: ‘R.utils’
All declared Imports should be used.
Flavors: r-devel-linux-x86_64-fedora-clang, r-devel-linux-x86_64-fedora-gcc