Last updated on 2024-04-23 06:57:02 CEST.
Flavor | Version | Tinstall | Tcheck | Ttotal | Status | Flags |
---|---|---|---|---|---|---|
r-devel-linux-x86_64-debian-clang | 3.6.4 | 20.15 | 257.53 | 277.68 | NOTE | |
r-devel-linux-x86_64-debian-gcc | 3.6.4 | 15.29 | 185.04 | 200.33 | NOTE | |
r-devel-linux-x86_64-fedora-clang | 3.6.4 | 334.20 | NOTE | |||
r-devel-linux-x86_64-fedora-gcc | 3.6.4 | 357.02 | NOTE | |||
r-prerel-macos-arm64 | 3.6.4 | 104.00 | NOTE | |||
r-prerel-windows-x86_64 | 3.6.4 | 17.00 | 215.00 | 232.00 | NOTE | |
r-patched-linux-x86_64 | 3.6.4 | 16.31 | 241.64 | 257.95 | NOTE | |
r-release-linux-x86_64 | 3.6.4 | 19.10 | 245.16 | 264.26 | OK | |
r-release-macos-arm64 | 3.6.4 | 117.00 | OK | |||
r-release-macos-x86_64 | 3.6.4 | 270.00 | OK | |||
r-release-windows-x86_64 | 3.6.4 | 24.00 | 262.00 | 286.00 | OK | |
r-oldrel-macos-arm64 | 3.6.4 | 103.00 | OK | |||
r-oldrel-windows-x86_64 | 3.6.4 | 23.00 | 263.00 | 286.00 | OK |
Version: 3.6.4
Check: Rd files
Result: NOTE
checkRd: (-1) toolAggregate.Rd:49: Lost braces; missing escapes or markup?
49 | If {rel} is missing \code{to} refers to the aggregation target dimension name.}
| ^
checkRd: (-1) toolGetMapping.Rd:18: Lost braces
18 | and rda (which needs to have the data stored with the object name "data"!). Use code{\link{toolConvertMapping}}
| ^
Flavors: r-devel-linux-x86_64-debian-clang, r-devel-linux-x86_64-debian-gcc, r-devel-linux-x86_64-fedora-clang, r-devel-linux-x86_64-fedora-gcc, r-prerel-macos-arm64, r-prerel-windows-x86_64, r-patched-linux-x86_64