Last updated on 2024-04-24 07:15:07 CEST.
Flavor | Version | Tinstall | Tcheck | Ttotal | Status | Flags |
---|---|---|---|---|---|---|
r-devel-linux-x86_64-debian-clang | 0.2.0 | 3.07 | 28.41 | 31.48 | NOTE | |
r-devel-linux-x86_64-debian-gcc | 0.2.0 | 2.27 | 22.52 | 24.79 | NOTE | |
r-devel-linux-x86_64-fedora-clang | 0.2.0 | 40.38 | NOTE | |||
r-devel-linux-x86_64-fedora-gcc | 0.2.0 | 39.35 | NOTE | |||
r-prerel-macos-arm64 | 0.2.0 | 19.00 | NOTE | |||
r-prerel-windows-x86_64 | 0.2.0 | 6.00 | 52.00 | 58.00 | NOTE | |
r-patched-linux-x86_64 | 0.2.0 | 2.58 | 28.30 | 30.88 | NOTE | |
r-release-linux-x86_64 | 0.2.0 | 2.88 | 28.55 | 31.43 | NOTE | |
r-release-macos-arm64 | 0.2.0 | 21.00 | NOTE | |||
r-release-macos-x86_64 | 0.2.0 | 27.00 | NOTE | |||
r-release-windows-x86_64 | 0.2.0 | 6.00 | 51.00 | 57.00 | NOTE | |
r-oldrel-macos-arm64 | 0.2.0 | 20.00 | NOTE | |||
r-oldrel-windows-x86_64 | 0.2.0 | 6.00 | 51.00 | 57.00 | NOTE |
Version: 0.2.0
Check: LazyData
Result: NOTE
'LazyData' is specified without a 'data' directory
Flavors: r-devel-linux-x86_64-debian-clang, r-devel-linux-x86_64-debian-gcc, r-devel-linux-x86_64-fedora-clang, r-devel-linux-x86_64-fedora-gcc, r-prerel-macos-arm64, r-prerel-windows-x86_64, r-patched-linux-x86_64, r-release-linux-x86_64, r-release-macos-arm64, r-release-macos-x86_64, r-release-windows-x86_64, r-oldrel-macos-arm64, r-oldrel-windows-x86_64