Last updated on 2024-05-07 18:49:51 CEST.
Flavor | Version | Tinstall | Tcheck | Ttotal | Status | Flags |
---|---|---|---|---|---|---|
r-devel-linux-x86_64-debian-clang | 0.2.2 | 3.49 | 25.16 | 28.65 | ERROR | |
r-devel-linux-x86_64-debian-gcc | 0.2.2 | 2.68 | 22.81 | 25.49 | OK | |
r-devel-linux-x86_64-fedora-clang | 0.2.2 | 41.51 | NOTE | |||
r-devel-linux-x86_64-fedora-gcc | 0.2.2 | 48.79 | NOTE | |||
r-devel-windows-x86_64 | 0.2.2 | 4.00 | 47.00 | 51.00 | OK | |
r-patched-linux-x86_64 | 0.2.2 | 3.65 | 28.68 | 32.33 | OK | |
r-release-linux-x86_64 | 0.2.2 | 4.60 | 28.10 | 32.70 | OK | |
r-release-macos-arm64 | 0.2.2 | 39.00 | OK | |||
r-release-windows-x86_64 | 0.2.2 | 6.00 | 51.00 | 57.00 | OK | |
r-oldrel-macos-arm64 | 0.2.2 | 27.00 | OK | |||
r-oldrel-macos-x86_64 | 0.2.2 | 35.00 | OK | |||
r-oldrel-windows-x86_64 | 0.2.2 | 6.00 | 47.00 | 53.00 | OK |
Version: 0.2.2
Check: examples
Result: ERROR
Running examples in ‘mapsFinland-Ex.R’ failed
The error most likely occurred in:
> base::assign(".ptime", proc.time(), pos = "CheckExEnv")
> ### Name: mkMapFinland
> ### Title: Make map of Finland
> ### Aliases: mkMapFinland
>
> ### ** Examples
>
> hv.alueet<-mkMapFinland(url="https://tinyurl.com/hvalueet2022")
trying URL 'https://tinyurl.com/hvalueet2022'
Warning in utils::download.file(url = url, lv.temp, mode = "wb") :
downloaded length 0 != reported length 16135
Warning in utils::download.file(url = url, lv.temp, mode = "wb") :
cannot open URL 'https://tinyurl.com/hvalueet2022': HTTP status was '403 Forbidden'
Error in utils::download.file(url = url, lv.temp, mode = "wb") :
cannot open URL 'https://tinyurl.com/hvalueet2022'
Calls: mkMapFinland -> <Anonymous>
Execution halted
Flavor: r-devel-linux-x86_64-debian-clang
Version: 0.2.2
Check: data for non-ASCII characters
Result: NOTE
Note: found 1056 marked UTF-8 strings
Flavors: r-devel-linux-x86_64-fedora-clang, r-devel-linux-x86_64-fedora-gcc