Last updated on 2024-03-28 06:01:29 CET.
Flavor | Version | Tinstall | Tcheck | Ttotal | Status | Flags |
---|---|---|---|---|---|---|
r-devel-linux-x86_64-debian-clang | 1.0-4 | 226.41 | 166.12 | 392.53 | OK | |
r-devel-linux-x86_64-debian-gcc | 1.0-4 | 175.83 | 120.64 | 296.47 | OK | |
r-devel-linux-x86_64-fedora-clang | 1.0-4 | 558.00 | NOTE | |||
r-devel-linux-x86_64-fedora-gcc | 1.0-4 | 575.58 | OK | |||
r-devel-windows-x86_64 | 1.0-4 | 173.00 | 178.00 | 351.00 | NOTE | |
r-patched-linux-x86_64 | 1.0-4 | 219.56 | 156.40 | 375.96 | OK | |
r-release-linux-x86_64 | 1.0-4 | 230.61 | 155.33 | 385.94 | OK | |
r-release-macos-arm64 | 1.0-4 | 120.00 | NOTE | |||
r-release-macos-x86_64 | 1.0-4 | 152.00 | NOTE | |||
r-release-windows-x86_64 | 1.0-4 | 217.00 | 208.00 | 425.00 | NOTE | |
r-oldrel-macos-arm64 | 1.0-4 | 100.00 | NOTE | |||
r-oldrel-windows-x86_64 | 1.0-4 | 201.00 | 205.00 | 406.00 | NOTE |
Version: 1.0-4
Check: installed package size
Result: NOTE
installed size is 5.1Mb
sub-directories of 1Mb or more:
java 3.3Mb
Flavors: r-devel-linux-x86_64-fedora-clang, r-devel-windows-x86_64, r-release-macos-arm64, r-release-macos-x86_64, r-release-windows-x86_64, r-oldrel-macos-arm64, r-oldrel-windows-x86_64