Last updated on 2024-05-07 06:55:56 CEST.
Flavor | Version | Tinstall | Tcheck | Ttotal | Status | Flags |
---|---|---|---|---|---|---|
r-devel-linux-x86_64-debian-clang | 0.1.1 | 3.30 | 42.61 | 45.91 | NOTE | |
r-devel-linux-x86_64-debian-gcc | 0.1.1 | 2.77 | 32.62 | 35.39 | NOTE | |
r-devel-linux-x86_64-fedora-clang | 0.1.1 | 60.34 | NOTE | |||
r-devel-linux-x86_64-fedora-gcc | 0.1.1 | 89.67 | NOTE | |||
r-devel-windows-x86_64 | 0.1.1 | 5.00 | 54.00 | 59.00 | NOTE | |
r-patched-linux-x86_64 | 0.1.1 | 2.72 | 41.10 | 43.82 | NOTE | |
r-release-linux-x86_64 | 0.1.1 | 3.16 | 41.80 | 44.96 | NOTE | |
r-release-macos-arm64 | 0.1.1 | 29.00 | NOTE | |||
r-release-windows-x86_64 | 0.1.1 | 6.00 | 54.00 | 60.00 | NOTE | |
r-oldrel-macos-arm64 | 0.1.1 | 32.00 | NOTE | |||
r-oldrel-macos-x86_64 | 0.1.1 | 41.00 | NOTE | |||
r-oldrel-windows-x86_64 | 0.1.1 | 5.00 | 55.00 | 60.00 | NOTE |
Version: 0.1.1
Check: LazyData
Result: NOTE
'LazyData' is specified without a 'data' directory
Flavors: r-devel-linux-x86_64-debian-clang, r-devel-linux-x86_64-debian-gcc, r-devel-linux-x86_64-fedora-clang, r-devel-linux-x86_64-fedora-gcc, r-devel-windows-x86_64, r-patched-linux-x86_64, r-release-linux-x86_64, r-release-macos-arm64, r-release-windows-x86_64, r-oldrel-macos-arm64, r-oldrel-macos-x86_64, r-oldrel-windows-x86_64