Last updated on 2024-05-07 18:49:51 CEST.
Flavor | Version | Tinstall | Tcheck | Ttotal | Status | Flags |
---|---|---|---|---|---|---|
r-devel-linux-x86_64-debian-clang | 0.1.2 | 6.24 | 75.97 | 82.21 | NOTE | |
r-devel-linux-x86_64-debian-gcc | 0.1.2 | 5.95 | 55.24 | 61.19 | NOTE | |
r-devel-linux-x86_64-fedora-clang | 0.1.2 | 103.08 | NOTE | |||
r-devel-linux-x86_64-fedora-gcc | 0.1.2 | 147.36 | NOTE | |||
r-devel-windows-x86_64 | 0.1.2 | 8.00 | 77.00 | 85.00 | OK | |
r-patched-linux-x86_64 | 0.1.2 | 7.25 | 70.93 | 78.18 | NOTE | |
r-release-linux-x86_64 | 0.1.2 | 6.58 | 69.51 | 76.09 | NOTE | |
r-release-macos-arm64 | 0.1.2 | 38.00 | OK | |||
r-release-windows-x86_64 | 0.1.2 | 8.00 | 74.00 | 82.00 | OK | |
r-oldrel-macos-arm64 | 0.1.2 | 40.00 | OK | |||
r-oldrel-macos-x86_64 | 0.1.2 | 54.00 | OK | |||
r-oldrel-windows-x86_64 | 0.1.2 | 9.00 | 84.00 | 93.00 | OK |
Version: 0.1.2
Check: for non-standard things in the check directory
Result: NOTE
Found the following files/directories:
‘utilities.R’
Flavors: r-devel-linux-x86_64-debian-clang, r-devel-linux-x86_64-debian-gcc, r-devel-linux-x86_64-fedora-clang, r-devel-linux-x86_64-fedora-gcc, r-patched-linux-x86_64, r-release-linux-x86_64