Last updated on 2024-03-28 06:01:29 CET.
Flavor | Version | Tinstall | Tcheck | Ttotal | Status | Flags |
---|---|---|---|---|---|---|
r-devel-linux-x86_64-debian-clang | 1.3.5 | 4.23 | 44.89 | 49.12 | NOTE | |
r-devel-linux-x86_64-debian-gcc | 1.3.5 | 4.82 | 33.59 | 38.41 | NOTE | |
r-devel-linux-x86_64-fedora-clang | 1.3.5 | 66.15 | NOTE | |||
r-devel-linux-x86_64-fedora-gcc | 1.3.5 | 74.47 | NOTE | |||
r-devel-windows-x86_64 | 1.3.5 | 5.00 | 54.00 | 59.00 | NOTE | |
r-patched-linux-x86_64 | 1.3.5 | 3.92 | 41.92 | 45.84 | NOTE | |
r-release-linux-x86_64 | 1.3.5 | 3.55 | 42.23 | 45.78 | NOTE | |
r-release-macos-arm64 | 1.3.5 | 27.00 | NOTE | |||
r-release-macos-x86_64 | 1.3.5 | 42.00 | NOTE | |||
r-release-windows-x86_64 | 1.3.5 | 6.00 | 57.00 | 63.00 | NOTE | |
r-oldrel-macos-arm64 | 1.3.5 | 27.00 | NOTE | |||
r-oldrel-windows-x86_64 | 1.3.5 | 6.00 | 61.00 | 67.00 | NOTE |
Version: 1.3.5
Check: LazyData
Result: NOTE
'LazyData' is specified without a 'data' directory
Flavors: r-devel-linux-x86_64-debian-clang, r-devel-linux-x86_64-debian-gcc, r-devel-linux-x86_64-fedora-clang, r-devel-linux-x86_64-fedora-gcc, r-devel-windows-x86_64, r-patched-linux-x86_64, r-release-linux-x86_64, r-release-macos-arm64, r-release-macos-x86_64, r-release-windows-x86_64, r-oldrel-macos-arm64, r-oldrel-windows-x86_64
Version: 1.3.5
Check: dependencies in R code
Result: NOTE
Namespaces in Imports field not imported from:
‘effsize’ ‘psych’
All declared Imports should be used.
Flavors: r-devel-linux-x86_64-fedora-clang, r-devel-linux-x86_64-fedora-gcc