Last updated on 2024-04-25 06:54:23 CEST.
Flavor | Version | Tinstall | Tcheck | Ttotal | Status | Flags |
---|---|---|---|---|---|---|
r-devel-linux-x86_64-debian-clang | 0.0.1 | 3.27 | 26.03 | 29.30 | OK | |
r-devel-linux-x86_64-debian-gcc | 0.0.1 | 2.33 | 19.98 | 22.31 | OK | |
r-devel-linux-x86_64-fedora-clang | 0.0.1 | 36.19 | NOTE | |||
r-devel-linux-x86_64-fedora-gcc | 0.0.1 | 34.61 | NOTE | |||
r-devel-windows-x86_64 | 0.0.1 | 5.00 | 43.00 | 48.00 | OK | |
r-patched-linux-x86_64 | 0.0.1 | 2.54 | 25.27 | 27.81 | OK | |
r-release-linux-x86_64 | 0.0.1 | 3.01 | 24.48 | 27.49 | OK | |
r-release-macos-arm64 | 0.0.1 | 17.00 | OK | |||
r-release-windows-x86_64 | 0.0.1 | 5.00 | 44.00 | 49.00 | OK | |
r-oldrel-macos-arm64 | 0.0.1 | 17.00 | OK | |||
r-oldrel-macos-x86_64 | 0.0.1 | 23.00 | OK | |||
r-oldrel-windows-x86_64 | 0.0.1 | 5.00 | 42.00 | 47.00 | OK |
Version: 0.0.1
Check: compiled code
Result: NOTE
File ‘mbrglm/libs/mbrglm.so’:
Found no calls to: ‘R_registerRoutines’, ‘R_useDynamicSymbols’
It is good practice to register native routines and to disable symbol
search.
See ‘Writing portable packages’ in the ‘Writing R Extensions’ manual.
Flavors: r-devel-linux-x86_64-fedora-clang, r-devel-linux-x86_64-fedora-gcc