Last updated on 2024-03-28 17:49:33 CET.
Flavor | Version | Tinstall | Tcheck | Ttotal | Status | Flags |
---|---|---|---|---|---|---|
r-devel-linux-x86_64-debian-clang | 0.3.3 | 24.92 | 31.11 | 56.03 | NOTE | |
r-devel-linux-x86_64-debian-gcc | 0.3.3 | 23.13 | 24.73 | 47.86 | NOTE | |
r-devel-linux-x86_64-fedora-clang | 0.3.3 | 89.62 | NOTE | |||
r-devel-linux-x86_64-fedora-gcc | 0.3.3 | 88.01 | NOTE | |||
r-devel-windows-x86_64 | 0.3.3 | 26.00 | 61.00 | 87.00 | NOTE | |
r-patched-linux-x86_64 | 0.3.3 | 27.43 | 30.59 | 58.02 | NOTE | |
r-release-linux-x86_64 | 0.3.3 | 28.40 | 30.62 | 59.02 | NOTE | |
r-release-macos-arm64 | 0.3.3 | 27.00 | NOTE | |||
r-release-macos-x86_64 | 0.3.3 | 42.00 | NOTE | |||
r-release-windows-x86_64 | 0.3.3 | 33.00 | 70.00 | 103.00 | NOTE | |
r-oldrel-macos-arm64 | 0.3.3 | 26.00 | OK | |||
r-oldrel-windows-x86_64 | 0.3.3 | 32.00 | 69.00 | 101.00 | OK |
Version: 0.3.3
Check: C++ specification
Result: NOTE
Specified C++11: please drop specification unless essential
Flavors: r-devel-linux-x86_64-debian-clang, r-devel-linux-x86_64-debian-gcc, r-devel-linux-x86_64-fedora-clang, r-devel-linux-x86_64-fedora-gcc, r-devel-windows-x86_64, r-patched-linux-x86_64, r-release-linux-x86_64, r-release-macos-arm64, r-release-macos-x86_64, r-release-windows-x86_64