Last updated on 2024-05-07 18:49:51 CEST.
Flavor | Version | Tinstall | Tcheck | Ttotal | Status | Flags |
---|---|---|---|---|---|---|
r-devel-linux-x86_64-debian-clang | 0.5.0 | 23.49 | 127.60 | 151.09 | OK | |
r-devel-linux-x86_64-debian-gcc | 0.5.0 | 19.51 | 95.70 | 115.21 | OK | |
r-devel-linux-x86_64-fedora-clang | 0.5.0 | 202.50 | OK | |||
r-devel-linux-x86_64-fedora-gcc | 0.5.0 | 239.39 | OK | |||
r-devel-windows-x86_64 | 0.5.0 | 21.00 | 109.00 | 130.00 | OK | |
r-patched-linux-x86_64 | 0.5.0 | 28.49 | 120.20 | 148.69 | OK | |
r-release-linux-x86_64 | 0.5.0 | 19.68 | 120.49 | 140.17 | OK | |
r-release-macos-arm64 | 0.5.0 | 56.00 | OK | |||
r-release-macos-x86_64 | 0.5.0 | 90.00 | OK | |||
r-release-windows-x86_64 | 0.5.0 | 21.00 | 109.00 | 130.00 | OK | |
r-oldrel-macos-arm64 | 0.5.0 | 60.00 | NOTE | |||
r-oldrel-macos-x86_64 | 0.5.0 | 99.00 | NOTE | |||
r-oldrel-windows-x86_64 | 0.5.0 | 30.00 | 132.00 | 162.00 | OK |
Version: 0.5.0
Check: package dependencies
Result: NOTE
Package suggested but not available for checking: ‘file2meco’
Flavors: r-oldrel-macos-arm64, r-oldrel-macos-x86_64