Last updated on 2024-05-07 18:49:52 CEST.
Flavor | Version | Tinstall | Tcheck | Ttotal | Status | Flags |
---|---|---|---|---|---|---|
r-devel-linux-x86_64-debian-clang | 1.0.5 | 104.15 | 543.54 | 647.69 | OK | |
r-devel-linux-x86_64-debian-gcc | 1.0.5 | 90.35 | 440.34 | 530.69 | OK | |
r-devel-linux-x86_64-fedora-clang | 1.0.5 | 931.64 | OK | |||
r-devel-linux-x86_64-fedora-gcc | 1.0.5 | 1069.06 | OK | |||
r-devel-windows-x86_64 | 1.0.5 | 81.00 | 410.00 | 491.00 | OK | |
r-patched-linux-x86_64 | 1.0.5 | 74.10 | 566.80 | 640.90 | OK | |
r-release-linux-x86_64 | 1.0.5 | 78.57 | 578.98 | 657.55 | OK | |
r-release-macos-arm64 | 1.0.5 | 215.00 | NOTE | |||
r-release-windows-x86_64 | 1.0.5 | 74.00 | 400.00 | 474.00 | OK | |
r-oldrel-macos-arm64 | 1.0.5 | 205.00 | NOTE | |||
r-oldrel-macos-x86_64 | 1.0.5 | 507.00 | NOTE | |||
r-oldrel-windows-x86_64 | 1.0.5 | 101.00 | 556.00 | 657.00 | OK |
Version: 1.0.5
Check: installed package size
Result: NOTE
installed size is 23.3Mb
sub-directories of 1Mb or more:
doc 1.7Mb
libs 20.6Mb
Flavors: r-release-macos-arm64, r-oldrel-macos-arm64, r-oldrel-macos-x86_64