Last updated on 2024-04-24 07:15:08 CEST.
Flavor | Version | Tinstall | Tcheck | Ttotal | Status | Flags |
---|---|---|---|---|---|---|
r-devel-linux-x86_64-debian-clang | 0.6-18 | 8.85 | 88.43 | 97.28 | OK | |
r-devel-linux-x86_64-debian-gcc | 0.6-18 | 5.39 | 62.73 | 68.12 | OK | |
r-devel-linux-x86_64-fedora-clang | 0.6-18 | 118.03 | NOTE | |||
r-devel-linux-x86_64-fedora-gcc | 0.6-18 | 120.97 | OK | |||
r-prerel-macos-arm64 | 0.6-18 | 36.00 | OK | |||
r-prerel-windows-x86_64 | 0.6-18 | 7.00 | 82.00 | 89.00 | OK | |
r-patched-linux-x86_64 | 0.6-18 | 11.00 | 83.17 | 94.17 | OK | |
r-release-linux-x86_64 | 0.6-18 | 6.33 | 80.98 | 87.31 | OK | |
r-release-macos-arm64 | 0.6-18 | 36.00 | OK | |||
r-release-macos-x86_64 | 0.6-18 | 60.00 | OK | |||
r-release-windows-x86_64 | 0.6-18 | 10.00 | 103.00 | 113.00 | OK | |
r-oldrel-macos-arm64 | 0.6-18 | 38.00 | OK | |||
r-oldrel-windows-x86_64 | 0.6-18 | 9.00 | 103.00 | 112.00 | OK |
Version: 0.6-18
Check: Rd cross-references
Result: NOTE
Undeclared packages ‘micEconAids’, ‘micEconSNQP’ in Rd xrefs
Flavor: r-devel-linux-x86_64-fedora-clang