Last updated on 2024-03-28 06:01:30 CET.
Flavor | Version | Tinstall | Tcheck | Ttotal | Status | Flags |
---|---|---|---|---|---|---|
r-devel-linux-x86_64-debian-clang | 1.0.1 | 3.48 | 36.86 | 40.34 | NOTE | |
r-devel-linux-x86_64-debian-gcc | 1.0.1 | 3.38 | 28.80 | 32.18 | NOTE | |
r-devel-linux-x86_64-fedora-clang | 1.0.1 | 51.07 | NOTE | |||
r-devel-linux-x86_64-fedora-gcc | 1.0.1 | 49.88 | NOTE | |||
r-devel-windows-x86_64 | 1.0.1 | 5.00 | 53.00 | 58.00 | NOTE | |
r-patched-linux-x86_64 | 1.0.1 | 3.09 | 36.24 | 39.33 | NOTE | |
r-release-linux-x86_64 | 1.0.1 | 3.78 | 36.85 | 40.63 | NOTE | |
r-release-macos-arm64 | 1.0.1 | 20.00 | NOTE | |||
r-release-macos-x86_64 | 1.0.1 | 29.00 | NOTE | |||
r-release-windows-x86_64 | 1.0.1 | 6.00 | 55.00 | 61.00 | NOTE | |
r-oldrel-macos-arm64 | 1.0.1 | 20.00 | NOTE | |||
r-oldrel-windows-x86_64 | 1.0.1 | 6.00 | 63.00 | 69.00 | NOTE |
Version: 1.0.1
Check: LazyData
Result: NOTE
'LazyData' is specified without a 'data' directory
Flavors: r-devel-linux-x86_64-debian-clang, r-devel-linux-x86_64-debian-gcc, r-devel-linux-x86_64-fedora-clang, r-devel-linux-x86_64-fedora-gcc, r-devel-windows-x86_64, r-patched-linux-x86_64, r-release-linux-x86_64, r-release-macos-arm64, r-release-macos-x86_64, r-release-windows-x86_64, r-oldrel-macos-arm64, r-oldrel-windows-x86_64