Last updated on 2024-04-19 06:56:22 CEST.
Flavor | Version | Tinstall | Tcheck | Ttotal | Status | Flags |
---|---|---|---|---|---|---|
r-devel-linux-x86_64-debian-clang | 1.41 | 168.14 | 278.58 | 446.72 | OK | |
r-devel-linux-x86_64-debian-gcc | 1.41 | OK | ||||
r-devel-linux-x86_64-fedora-clang | 1.41 | 550.24 | OK | |||
r-devel-linux-x86_64-fedora-gcc | 1.41 | 566.56 | OK | |||
r-prerel-macos-arm64 | 1.41 | 111.00 | NOTE | |||
r-prerel-windows-x86_64 | 1.41 | 122.00 | 218.00 | 340.00 | OK | |
r-patched-linux-x86_64 | 1.41 | 167.64 | 259.74 | 427.38 | OK | |
r-release-linux-x86_64 | 1.41 | 156.08 | 265.32 | 421.40 | OK | |
r-release-macos-arm64 | 1.41 | 141.00 | NOTE | |||
r-release-macos-x86_64 | 1.41 | 313.00 | NOTE | |||
r-release-windows-x86_64 | 1.41 | 157.00 | 292.00 | 449.00 | OK | |
r-oldrel-macos-arm64 | 1.41 | 115.00 | NOTE | |||
r-oldrel-windows-x86_64 | 1.41 | 153.00 | 266.00 | 419.00 | OK |
Version: 1.41
Check: installed package size
Result: NOTE
installed size is 9.0Mb
sub-directories of 1Mb or more:
R 2.1Mb
libs 6.3Mb
Flavors: r-prerel-macos-arm64, r-release-macos-arm64, r-release-macos-x86_64, r-oldrel-macos-arm64