Last updated on 2024-04-24 07:15:08 CEST.
Flavor | Version | Tinstall | Tcheck | Ttotal | Status | Flags |
---|---|---|---|---|---|---|
r-devel-linux-x86_64-debian-clang | 0.9-1 | 30.91 | 346.52 | 377.43 | OK | |
r-devel-linux-x86_64-debian-gcc | 0.9-1 | 26.63 | 257.41 | 284.04 | OK | |
r-devel-linux-x86_64-fedora-clang | 0.9-1 | 475.12 | OK | |||
r-devel-linux-x86_64-fedora-gcc | 0.9-1 | 505.51 | OK | |||
r-prerel-macos-arm64 | 0.9-1 | 128.00 | OK | |||
r-prerel-macos-x86_64 | 0.9-1 | 349.00 | OK | |||
r-prerel-windows-x86_64 | 0.9-1 | 28.00 | 248.00 | 276.00 | OK | |
r-patched-linux-x86_64 | 0.9-1 | 27.22 | 332.13 | 359.35 | OK | |
r-release-linux-x86_64 | 0.9-1 | 21.69 | 345.21 | 366.90 | OK | |
r-release-macos-arm64 | 0.9-1 | 10.00 | ERROR | |||
r-release-macos-x86_64 | 0.9-1 | 7.00 | ERROR | |||
r-release-windows-x86_64 | 0.9-1 | 38.00 | 340.00 | 378.00 | OK | |
r-oldrel-macos-arm64 | 0.9-1 | 137.00 | OK | |||
r-oldrel-windows-x86_64 | 0.9-1 | 39.00 | 328.00 | 367.00 | OK |
Version: 0.9-1
Check: package dependencies
Result: ERROR
Package required but not available: ‘phyloseq’
See section ‘The DESCRIPTION file’ in the ‘Writing R Extensions’
manual.
Flavors: r-release-macos-arm64, r-release-macos-x86_64