Last updated on 2024-04-24 07:15:09 CEST.
Flavor | Version | Tinstall | Tcheck | Ttotal | Status | Flags |
---|---|---|---|---|---|---|
r-devel-linux-x86_64-debian-clang | 2.4.0 | 7.04 | 61.64 | 68.68 | NOTE | |
r-devel-linux-x86_64-debian-gcc | 2.4.0 | 5.05 | 44.80 | 49.85 | NOTE | |
r-devel-linux-x86_64-fedora-clang | 2.4.0 | 87.18 | NOTE | |||
r-devel-linux-x86_64-fedora-gcc | 2.4.0 | 81.35 | NOTE | |||
r-prerel-macos-arm64 | 2.4.0 | 23.00 | NOTE | |||
r-prerel-windows-x86_64 | 2.4.0 | 6.00 | 64.00 | 70.00 | NOTE | |
r-patched-linux-x86_64 | 2.4.0 | 7.65 | 58.25 | 65.90 | NOTE | |
r-release-linux-x86_64 | 2.4.0 | 7.08 | 57.39 | 64.47 | NOTE | |
r-release-macos-arm64 | 2.4.0 | 27.00 | NOTE | |||
r-release-macos-x86_64 | 2.4.0 | 40.00 | NOTE | |||
r-release-windows-x86_64 | 2.4.0 | 8.00 | 79.00 | 87.00 | NOTE | |
r-oldrel-macos-arm64 | 2.4.0 | 27.00 | NOTE | |||
r-oldrel-windows-x86_64 | 2.4.0 | 8.00 | 83.00 | 91.00 | NOTE |
Version: 2.4.0
Check: Rd files
Result: NOTE
checkRd: (-1) lientz.Rd:45: Lost braces in \itemize; \value handles \item{}{} directly
checkRd: (-1) lientz.Rd:46: Lost braces in \itemize; \value handles \item{}{} directly
checkRd: (-1) lientz.Rd:47: Lost braces in \itemize; \value handles \item{}{} directly
checkRd: (-1) modeest-package.Rd:150: Escaped LaTeX specials: \&
checkRd: (-1) vieu.Rd:56: Escaped LaTeX specials: \&
Flavors: r-devel-linux-x86_64-debian-clang, r-devel-linux-x86_64-debian-gcc, r-devel-linux-x86_64-fedora-clang, r-devel-linux-x86_64-fedora-gcc, r-prerel-macos-arm64, r-prerel-windows-x86_64, r-patched-linux-x86_64
Version: 2.4.0
Check: LazyData
Result: NOTE
'LazyData' is specified without a 'data' directory
Flavors: r-devel-linux-x86_64-debian-clang, r-devel-linux-x86_64-debian-gcc, r-devel-linux-x86_64-fedora-clang, r-devel-linux-x86_64-fedora-gcc, r-prerel-macos-arm64, r-prerel-windows-x86_64, r-patched-linux-x86_64, r-release-linux-x86_64, r-release-macos-arm64, r-release-macos-x86_64, r-release-windows-x86_64, r-oldrel-macos-arm64, r-oldrel-windows-x86_64
Version: 2.4.0
Check: Rd files
Result: NOTE
checkRd: (-1) modeest-package.Rd:150: Escaped LaTeX specials: \&
checkRd: (-1) vieu.Rd:56: Escaped LaTeX specials: \&
Flavors: r-release-linux-x86_64, r-release-macos-arm64, r-release-macos-x86_64, r-release-windows-x86_64