Last updated on 2024-05-07 18:49:52 CEST.
Flavor | Version | Tinstall | Tcheck | Ttotal | Status | Flags |
---|---|---|---|---|---|---|
r-devel-linux-x86_64-debian-clang | 0.1.0 | 2.40 | 19.48 | 21.88 | OK | |
r-devel-linux-x86_64-debian-gcc | 0.1.0 | 1.89 | 15.77 | 17.66 | OK | |
r-devel-linux-x86_64-fedora-clang | 0.1.0 | 28.49 | NOTE | |||
r-devel-linux-x86_64-fedora-gcc | 0.1.0 | 31.69 | NOTE | |||
r-devel-windows-x86_64 | 0.1.0 | 3.00 | 39.00 | 42.00 | OK | |
r-patched-linux-x86_64 | 0.1.0 | 1.89 | 19.07 | 20.96 | OK | |
r-release-linux-x86_64 | 0.1.0 | 2.33 | 19.61 | 21.94 | OK | |
r-release-macos-arm64 | 0.1.0 | 14.00 | OK | |||
r-release-windows-x86_64 | 0.1.0 | 4.00 | 38.00 | 42.00 | OK | |
r-oldrel-macos-arm64 | 0.1.0 | 15.00 | OK | |||
r-oldrel-macos-x86_64 | 0.1.0 | 18.00 | OK | |||
r-oldrel-windows-x86_64 | 0.1.0 | 5.00 | 39.00 | 44.00 | OK |
Version: 0.1.0
Check: data for non-ASCII characters
Result: NOTE
Note: found 13 marked UTF-8 strings
Flavors: r-devel-linux-x86_64-fedora-clang, r-devel-linux-x86_64-fedora-gcc