Last updated on 2024-05-07 18:49:52 CEST.
Flavor | Version | Tinstall | Tcheck | Ttotal | Status | Flags |
---|---|---|---|---|---|---|
r-devel-linux-x86_64-debian-clang | 0.20.4 | 3.15 | 44.06 | 47.21 | OK | |
r-devel-linux-x86_64-debian-gcc | 0.20.4 | 2.63 | 32.40 | 35.03 | OK | |
r-devel-linux-x86_64-fedora-clang | 0.20.4 | 58.54 | NOTE | |||
r-devel-linux-x86_64-fedora-gcc | 0.20.4 | 64.81 | NOTE | |||
r-devel-windows-x86_64 | 0.20.4 | 4.00 | 64.00 | 68.00 | OK | |
r-patched-linux-x86_64 | 0.20.4 | 4.68 | 42.27 | 46.95 | OK | |
r-release-linux-x86_64 | 0.20.4 | 3.51 | 41.64 | 45.15 | OK | |
r-release-macos-arm64 | 0.20.4 | 19.00 | OK | |||
r-release-windows-x86_64 | 0.20.4 | 5.00 | 63.00 | 68.00 | OK | |
r-oldrel-macos-arm64 | 0.20.4 | 29.00 | OK | |||
r-oldrel-macos-x86_64 | 0.20.4 | 70.00 | OK | |||
r-oldrel-windows-x86_64 | 0.20.4 | 5.00 | 70.00 | 75.00 | OK |
Version: 0.20.4
Check: data for non-ASCII characters
Result: NOTE
Note: found 7 marked UTF-8 strings
Flavors: r-devel-linux-x86_64-fedora-clang, r-devel-linux-x86_64-fedora-gcc