Last updated on 2024-03-28 17:49:34 CET.
Flavor | Version | Tinstall | Tcheck | Ttotal | Status | Flags |
---|---|---|---|---|---|---|
r-devel-linux-x86_64-debian-clang | 5.0.1 | 63.98 | 198.02 | 262.00 | NOTE | |
r-devel-linux-x86_64-debian-gcc | 5.0.1 | 48.17 | 143.77 | 191.94 | NOTE | |
r-devel-linux-x86_64-fedora-clang | 5.0.1 | 324.03 | NOTE | |||
r-devel-linux-x86_64-fedora-gcc | 5.0.1 | 324.14 | NOTE | |||
r-devel-windows-x86_64 | 5.0.1 | 49.00 | 175.00 | 224.00 | NOTE | |
r-patched-linux-x86_64 | 5.0.1 | 55.42 | 183.93 | 239.35 | NOTE | |
r-release-linux-x86_64 | 5.0.1 | 59.54 | 190.77 | 250.31 | OK | |
r-release-macos-arm64 | 5.0.1 | 90.00 | OK | |||
r-release-macos-x86_64 | 5.0.1 | 162.00 | OK | |||
r-release-windows-x86_64 | 5.0.1 | 64.00 | 217.00 | 281.00 | OK | |
r-oldrel-macos-arm64 | 5.0.1 | 86.00 | OK | |||
r-oldrel-windows-x86_64 | 5.0.1 | 60.00 | 221.00 | 281.00 | OK |
Version: 5.0.1
Check: Rd files
Result: NOTE
checkRd: (-1) MultiManhattan.Rd:33: Lost braces; missing escapes or markup?
33 | \item{LogTimes}{Magnification of {-log10(P-value)}; the default is
| ^
checkRd: (-1) MultiManhattan.Rd:35: Lost braces; missing escapes or markup?
35 | \item{LODTimes}{Magnification of {LOD score}; the default is 1.2.}
| ^
Flavors: r-devel-linux-x86_64-debian-clang, r-devel-linux-x86_64-debian-gcc, r-devel-linux-x86_64-fedora-clang, r-devel-linux-x86_64-fedora-gcc, r-devel-windows-x86_64, r-patched-linux-x86_64