Last updated on 2024-03-28 17:49:34 CET.
Flavor | Version | Tinstall | Tcheck | Ttotal | Status | Flags |
---|---|---|---|---|---|---|
r-devel-linux-x86_64-debian-clang | 0.99 | 16.15 | 78.74 | 94.89 | OK | |
r-devel-linux-x86_64-debian-gcc | 0.99 | 16.33 | 52.70 | 69.03 | OK | |
r-devel-linux-x86_64-fedora-clang | 0.99 | 112.81 | OK | |||
r-devel-linux-x86_64-fedora-gcc | 0.99 | 116.72 | OK | |||
r-devel-windows-x86_64 | 0.99 | 15.00 | 65.00 | 80.00 | ERROR | |
r-patched-linux-x86_64 | 0.99 | 19.29 | 73.04 | 92.33 | OK | |
r-release-linux-x86_64 | 0.99 | 18.45 | 71.40 | 89.85 | OK | |
r-release-macos-arm64 | 0.99 | 29.00 | OK | |||
r-release-macos-x86_64 | 0.99 | 72.00 | OK | |||
r-release-windows-x86_64 | 0.99 | 15.00 | 71.00 | 86.00 | OK | |
r-oldrel-macos-arm64 | 0.99 | 30.00 | OK | |||
r-oldrel-windows-x86_64 | 0.99 | 20.00 | 78.00 | 98.00 | OK |
Version: 0.99
Check: examples
Result: ERROR
Running examples in 'multigraph-Ex.R' failed
The error most likely occurred in:
> ### Name: stsm
> ### Title: Stress majorization layout
> ### Aliases: stsm
> ### Keywords: graphics manip
>
> ### ** Examples
>
> ## Create the data: two binary relations among three elements
> arr <- round( replace( array(runif(18), c(3,3,2)), array(runif(18),
+ c(3,3,2))>.5, 3 ) )
>
> ## Coordinates for the stress majorization layout with random start
> coord <- stsm(arr, seed = NULL)
Flavor: r-devel-windows-x86_64